Last updated on 2025-05-16 17:50:01 CEST.
Flavor | Version | Tinstall | Tcheck | Ttotal | Status | Flags |
---|---|---|---|---|---|---|
r-devel-linux-x86_64-debian-clang | 0.9.0 | 10.93 | 126.75 | 137.68 | OK | |
r-devel-linux-x86_64-debian-gcc | 0.9.0 | 6.49 | 87.04 | 93.53 | OK | |
r-devel-linux-x86_64-fedora-clang | 0.9.0 | 207.53 | OK | |||
r-devel-linux-x86_64-fedora-gcc | 0.9.0 | 202.91 | OK | |||
r-devel-windows-x86_64 | 0.9.0 | 16.00 | 128.00 | 144.00 | OK | |
r-patched-linux-x86_64 | 0.9.0 | 11.07 | 121.41 | 132.48 | OK | |
r-release-linux-x86_64 | 0.9.0 | 10.24 | 121.21 | 131.45 | OK | |
r-release-macos-arm64 | 0.9.0 | 61.00 | OK | |||
r-release-macos-x86_64 | 0.9.0 | 138.00 | OK | |||
r-release-windows-x86_64 | 0.9.0 | 19.00 | 127.00 | 146.00 | OK | |
r-oldrel-macos-arm64 | 0.9.0 | 61.00 | NOTE | |||
r-oldrel-macos-x86_64 | 0.9.0 | 105.00 | NOTE | |||
r-oldrel-windows-x86_64 | 0.9.0 | 20.00 | 158.00 | 178.00 | NOTE |
Version: 0.9.0
Check: installed package size
Result: NOTE
installed size is 12.5Mb
sub-directories of 1Mb or more:
components 1.0Mb
fonts 2.4Mb
lib 5.3Mb
Flavors: r-oldrel-macos-arm64, r-oldrel-macos-x86_64, r-oldrel-windows-x86_64