CRAN Package Check Results for Package bucky

Last updated on 2023-03-23 17:52:10 CET.

Flavor Version Tinstall Tcheck Ttotal Status Flags
r-devel-linux-x86_64-debian-clang 1.0.7 3.70 39.40 43.10 OK
r-devel-linux-x86_64-debian-gcc 1.0.7 2.78 31.17 33.95 OK
r-devel-linux-x86_64-fedora-clang 1.0.7 55.30 NOTE
r-devel-linux-x86_64-fedora-gcc 1.0.7 52.30 OK
r-devel-windows-x86_64 1.0.7 9.00 72.00 81.00 OK
r-patched-linux-x86_64 1.0.7 4.24 41.30 45.54 OK
r-release-linux-x86_64 1.0.7 3.44 39.56 43.00 OK
r-release-macos-arm64 1.0.7 20.00 OK
r-release-macos-x86_64 1.0.7 30.00 OK
r-release-windows-x86_64 1.0.7 11.00 102.00 113.00 OK
r-oldrel-macos-arm64 1.0.7 18.00 OK
r-oldrel-macos-x86_64 1.0.7 32.00 OK
r-oldrel-windows-ix86+x86_64 1.0.7 10.00 67.00 77.00 OK

Check Details

Version: 1.0.7
Check: Rd cross-references
Result: NOTE
    Undeclared package ‘mitools’ in Rd xrefs
Flavor: r-devel-linux-x86_64-fedora-clang