Last updated on 2024-03-28 17:49:23 CET.
Flavor | Version | Tinstall | Tcheck | Ttotal | Status | Flags |
---|---|---|---|---|---|---|
r-devel-linux-x86_64-debian-clang | 1.0.7 | 3.08 | 44.13 | 47.21 | OK | |
r-devel-linux-x86_64-debian-gcc | 1.0.7 | 2.49 | 33.66 | 36.15 | OK | |
r-devel-linux-x86_64-fedora-clang | 1.0.7 | 58.42 | NOTE | |||
r-devel-linux-x86_64-fedora-gcc | 1.0.7 | 56.92 | OK | |||
r-devel-windows-x86_64 | 1.0.7 | 5.00 | 52.00 | 57.00 | OK | |
r-patched-linux-x86_64 | 1.0.7 | 3.75 | 43.19 | 46.94 | OK | |
r-release-linux-x86_64 | 1.0.7 | 2.43 | 42.83 | 45.26 | OK | |
r-release-macos-arm64 | 1.0.7 | 22.00 | OK | |||
r-release-macos-x86_64 | 1.0.7 | 30.00 | OK | |||
r-release-windows-x86_64 | 1.0.7 | 5.00 | 61.00 | 66.00 | OK | |
r-oldrel-macos-arm64 | 1.0.7 | 20.00 | OK | |||
r-oldrel-windows-x86_64 | 1.0.7 | 5.00 | 65.00 | 70.00 | OK |
Version: 1.0.7
Check: Rd cross-references
Result: NOTE
Undeclared package ‘mitools’ in Rd xrefs
Flavor: r-devel-linux-x86_64-fedora-clang