Last updated on 2024-04-23 17:49:27 CEST.
Flavor | Version | Tinstall | Tcheck | Ttotal | Status | Flags |
---|---|---|---|---|---|---|
r-devel-linux-x86_64-debian-clang | 1.2.0 | 3.39 | 592.85 | 596.24 | NOTE | |
r-devel-linux-x86_64-debian-gcc | 1.2.0 | 2.45 | 404.20 | 406.65 | NOTE | |
r-devel-linux-x86_64-fedora-clang | 1.2.0 | 692.79 | NOTE | |||
r-devel-linux-x86_64-fedora-gcc | 1.2.0 | 679.22 | NOTE | |||
r-prerel-macos-arm64 | 1.2.0 | 183.00 | NOTE | |||
r-prerel-windows-x86_64 | 1.2.0 | 4.00 | 283.00 | 287.00 | NOTE | --no-vignettes |
r-patched-linux-x86_64 | 1.2.0 | 3.24 | 550.39 | 553.63 | NOTE | |
r-release-linux-x86_64 | 1.2.0 | 2.64 | 545.71 | 548.35 | NOTE | |
r-release-macos-arm64 | 1.2.0 | 217.00 | NOTE | |||
r-release-macos-x86_64 | 1.2.0 | 386.00 | NOTE | |||
r-release-windows-x86_64 | 1.2.0 | 5.00 | 326.00 | 331.00 | NOTE | --no-vignettes |
r-oldrel-macos-arm64 | 1.2.0 | 194.00 | NOTE | |||
r-oldrel-windows-x86_64 | 1.2.0 | 5.00 | 342.00 | 347.00 | NOTE | --no-vignettes |
Version: 1.2.0
Check: Rd files
Result: NOTE
checkRd: (-1) kink_estimator.Rd:60: Escaped LaTeX specials: \$
Flavors: r-devel-linux-x86_64-debian-clang, r-devel-linux-x86_64-debian-gcc, r-devel-linux-x86_64-fedora-clang, r-devel-linux-x86_64-fedora-gcc, r-prerel-macos-arm64, r-patched-linux-x86_64, r-release-linux-x86_64, r-release-macos-arm64, r-release-macos-x86_64
Version: 1.2.0
Check: LazyData
Result: NOTE
'LazyData' is specified without a 'data' directory
Flavors: r-devel-linux-x86_64-debian-clang, r-devel-linux-x86_64-debian-gcc, r-devel-linux-x86_64-fedora-clang, r-devel-linux-x86_64-fedora-gcc, r-prerel-macos-arm64, r-patched-linux-x86_64, r-release-linux-x86_64, r-release-macos-arm64, r-release-macos-x86_64, r-oldrel-macos-arm64
Version: 1.2.0
Flags: --no-vignettes
Check: Rd files
Result: NOTE
checkRd: (-1) kink_estimator.Rd:60: Escaped LaTeX specials: \$
Flavors: r-prerel-windows-x86_64, r-release-windows-x86_64
Version: 1.2.0
Flags: --no-vignettes
Check: LazyData
Result: NOTE
'LazyData' is specified without a 'data' directory
Flavors: r-prerel-windows-x86_64, r-release-windows-x86_64, r-oldrel-windows-x86_64