CRAN Package Check Results for Package bunchr

Last updated on 2021-06-20 11:51:11 CEST.

Flavor Version Tinstall Tcheck Ttotal Status Flags
r-devel-linux-x86_64-debian-clang 1.2.0 3.26 545.65 548.91 NOTE
r-devel-linux-x86_64-debian-gcc 1.2.0 2.32 404.10 406.42 NOTE
r-devel-linux-x86_64-fedora-clang 1.2.0 639.75 NOTE
r-devel-linux-x86_64-fedora-gcc 1.2.0 647.04 NOTE
r-devel-windows-x86_64 1.2.0 5.00 330.00 335.00 NOTE --no-vignettes
r-devel-windows-x86_64-gcc10-UCRT 1.2.0 NOTE
r-patched-linux-x86_64 1.2.0 3.39 533.90 537.29 NOTE
r-patched-solaris-x86 1.2.0 904.90 NOTE
r-release-linux-x86_64 1.2.0 3.00 528.70 531.70 NOTE
r-release-macos-arm64 1.2.0 NOTE
r-release-macos-x86_64 1.2.0 NOTE
r-release-windows-ix86+x86_64 1.2.0 7.00 293.00 300.00 NOTE --no-vignettes
r-oldrel-macos-x86_64 1.2.0 OK
r-oldrel-windows-ix86+x86_64 1.2.0 5.00 425.00 430.00 OK --no-vignettes

Check Details

Version: 1.2.0
Check: LazyData
Result: NOTE
     'LazyData' is specified without a 'data' directory
Flavors: r-devel-linux-x86_64-debian-clang, r-devel-linux-x86_64-debian-gcc, r-devel-linux-x86_64-fedora-clang, r-devel-linux-x86_64-fedora-gcc, r-devel-windows-x86_64-gcc10-UCRT, r-patched-linux-x86_64, r-patched-solaris-x86, r-release-linux-x86_64, r-release-macos-arm64, r-release-macos-x86_64

Version: 1.2.0
Flags: --no-vignettes
Check: LazyData
Result: NOTE
     'LazyData' is specified without a 'data' directory
Flavors: r-devel-windows-x86_64, r-release-windows-ix86+x86_64