CRAN Package Check Results for Package bvartools

Last updated on 2021-06-23 11:52:37 CEST.

Flavor Version Tinstall Tcheck Ttotal Status Flags
r-devel-linux-x86_64-debian-clang 0.2.0 287.90 195.63 483.53 OK
r-devel-linux-x86_64-debian-gcc 0.2.0 199.92 149.06 348.98 OK
r-devel-linux-x86_64-fedora-clang 0.2.0 652.85 NOTE
r-devel-linux-x86_64-fedora-gcc 0.2.0 614.59 OK
r-devel-windows-x86_64 0.2.0 323.00 223.00 546.00 OK
r-devel-windows-x86_64-gcc10-UCRT 0.2.0 OK
r-patched-linux-x86_64 0.2.0 231.08 191.57 422.65 OK
r-patched-solaris-x86 0.2.0 567.70 OK
r-release-linux-x86_64 0.2.0 239.74 191.24 430.98 OK
r-release-macos-arm64 0.2.0 NOTE
r-release-macos-x86_64 0.2.0 NOTE
r-release-windows-ix86+x86_64 0.2.0 635.00 257.00 892.00 OK
r-oldrel-macos-x86_64 0.2.0 NOTE

Check Details

Version: 0.2.0
Check: installed package size
Result: NOTE
     installed size is 16.6Mb
     sub-directories of 1Mb or more:
     libs 15.4Mb
Flavors: r-devel-linux-x86_64-fedora-clang, r-release-macos-arm64, r-release-macos-x86_64, r-oldrel-macos-x86_64