Last updated on 2024-04-19 18:05:21 CEST.
Flavor | Version | Tinstall | Tcheck | Ttotal | Status | Flags |
---|---|---|---|---|---|---|
r-devel-linux-x86_64-debian-clang | 0.1.0 | 308.54 | 147.17 | 455.71 | NOTE | |
r-devel-linux-x86_64-debian-gcc | 0.1.0 | NOTE | ||||
r-devel-linux-x86_64-fedora-clang | 0.1.0 | 559.20 | NOTE | |||
r-devel-linux-x86_64-fedora-gcc | 0.1.0 | 701.07 | NOTE | |||
r-prerel-macos-arm64 | 0.1.0 | 135.00 | NOTE | |||
r-prerel-windows-x86_64 | 0.1.0 | 242.00 | 150.00 | 392.00 | NOTE | |
r-patched-linux-x86_64 | 0.1.0 | 215.71 | 164.36 | 380.07 | NOTE | |
r-release-linux-x86_64 | 0.1.0 | 345.92 | 165.65 | 511.57 | NOTE | |
r-release-macos-arm64 | 0.1.0 | 133.00 | NOTE | |||
r-release-macos-x86_64 | 0.1.0 | 214.00 | NOTE | |||
r-release-windows-x86_64 | 0.1.0 | 301.00 | 187.00 | 488.00 | NOTE | |
r-oldrel-macos-arm64 | 0.1.0 | 118.00 | NOTE | |||
r-oldrel-windows-x86_64 | 0.1.0 | 286.00 | 179.00 | 465.00 | NOTE |
Version: 0.1.0
Check: for GNU extensions in Makefiles
Result: NOTE
GNU make is a SystemRequirements.
Flavors: r-devel-linux-x86_64-debian-clang, r-devel-linux-x86_64-debian-gcc, r-devel-linux-x86_64-fedora-clang, r-devel-linux-x86_64-fedora-gcc, r-prerel-macos-arm64, r-prerel-windows-x86_64, r-patched-linux-x86_64, r-release-linux-x86_64, r-release-macos-arm64, r-release-macos-x86_64, r-release-windows-x86_64, r-oldrel-macos-arm64, r-oldrel-windows-x86_64
Version: 0.1.0
Check: dependencies in R code
Result: NOTE
Namespaces in Imports field not imported from:
‘RcppParallel’ ‘rstantools’
All declared Imports should be used.
Flavors: r-devel-linux-x86_64-fedora-clang, r-devel-linux-x86_64-fedora-gcc, r-oldrel-macos-arm64
Version: 0.1.0
Check: installed package size
Result: NOTE
installed size is 56.4Mb
sub-directories of 1Mb or more:
libs 56.0Mb
Flavors: r-prerel-macos-arm64, r-release-macos-arm64, r-release-macos-x86_64, r-oldrel-macos-arm64