CRAN Package Check Results for Package c14bazAAR

Last updated on 2019-07-16 05:48:06 CEST.

Flavor Version Tinstall Tcheck Ttotal Status Flags
r-devel-linux-x86_64-debian-clang 1.0.2 3.37 48.39 51.76 OK
r-devel-linux-x86_64-debian-gcc 1.0.2 2.52 35.55 38.07 OK
r-devel-linux-x86_64-fedora-clang 1.0.2 59.60 NOTE
r-devel-linux-x86_64-fedora-gcc 1.0.2 58.14 NOTE
r-devel-windows-ix86+x86_64 1.0.2 12.00 85.00 97.00 OK
r-patched-linux-x86_64 1.0.2 2.42 45.03 47.45 OK
r-patched-solaris-x86 1.0.2 92.60 NOTE
r-release-linux-x86_64 1.0.2 3.41 45.32 48.73 OK
r-release-windows-ix86+x86_64 1.0.2 7.00 86.00 93.00 OK
r-release-osx-x86_64 1.0.2 NOTE
r-oldrel-windows-ix86+x86_64 1.0.2 8.00 81.00 89.00 OK
r-oldrel-osx-x86_64 1.0.2 NOTE

Check Details

Version: 1.0.2
Check: data for non-ASCII characters
Result: NOTE
     Note: found 76 marked UTF-8 strings
Flavors: r-devel-linux-x86_64-fedora-clang, r-devel-linux-x86_64-fedora-gcc, r-patched-solaris-x86, r-release-osx-x86_64, r-oldrel-osx-x86_64