CRAN Package Check Results for Package c14bazAAR

Last updated on 2019-05-22 11:51:34 CEST.

Flavor Version Tinstall Tcheck Ttotal Status Flags
r-devel-linux-x86_64-debian-clang 1.0.2 3.46 47.40 50.86 OK
r-devel-linux-x86_64-debian-gcc 1.0.2 2.65 35.66 38.31 OK
r-devel-linux-x86_64-fedora-clang 1.0.2 59.20 NOTE
r-devel-linux-x86_64-fedora-gcc 1.0.2 55.82 NOTE
r-devel-windows-ix86+x86_64 1.0.2 7.00 82.00 89.00 OK
r-patched-linux-x86_64 1.0.2 3.69 45.02 48.71 OK
r-patched-solaris-x86 1.0.2 91.10 NOTE
r-release-linux-x86_64 1.0.2 3.65 45.21 48.86 OK
r-release-windows-ix86+x86_64 1.0.2 11.00 63.00 74.00 OK
r-release-osx-x86_64 1.0.2 NOTE
r-oldrel-windows-ix86+x86_64 1.0.2 5.00 59.00 64.00 OK
r-oldrel-osx-x86_64 1.0.2 NOTE

Check Details

Version: 1.0.2
Check: data for non-ASCII characters
Result: NOTE
     Note: found 76 marked UTF-8 strings
Flavors: r-devel-linux-x86_64-fedora-clang, r-devel-linux-x86_64-fedora-gcc, r-patched-solaris-x86, r-release-osx-x86_64, r-oldrel-osx-x86_64