CRAN Package Check Results for Package c3net

Last updated on 2021-12-04 23:50:27 CET.

Flavor Version Tinstall Tcheck Ttotal Status Flags
r-devel-linux-x86_64-debian-clang 1.1.1 2.91 61.77 64.68 NOTE
r-devel-linux-x86_64-debian-gcc 1.1.1 2.31 47.59 49.90 NOTE
r-devel-linux-x86_64-fedora-clang 1.1.1 80.09 NOTE
r-devel-linux-x86_64-fedora-gcc 1.1.1 70.02 NOTE
r-devel-windows-x86_64-new-UL 1.1.1 6.00 151.00 157.00 NOTE
r-devel-windows-x86_64-new-TK 1.1.1 NOTE
r-devel-windows-x86_64-old 1.1.1 4.00 71.00 75.00 NOTE
r-patched-linux-x86_64 1.1.1 3.07 52.51 55.58 NOTE
r-release-linux-x86_64 1.1.1 2.21 52.62 54.83 NOTE
r-release-macos-arm64 1.1.1 NOTE
r-release-macos-x86_64 1.1.1 NOTE
r-release-windows-ix86+x86_64 1.1.1 6.00 108.00 114.00 NOTE
r-oldrel-macos-x86_64 1.1.1 NOTE
r-oldrel-windows-ix86+x86_64 1.1.1 6.00 102.00 108.00 NOTE

Check Details

Version: 1.1.1
Check: R code for possible problems
Result: NOTE
    makemim: no visible global function definition for 'cor'
    sigtestMTC: no visible global function definition for 'p.adjust'
    Undefined global functions or variables:
     cor p.adjust
    Consider adding
     importFrom("stats", "cor", "p.adjust")
    to your NAMESPACE file.
Flavors: r-devel-linux-x86_64-debian-clang, r-devel-linux-x86_64-debian-gcc, r-devel-linux-x86_64-fedora-clang, r-devel-linux-x86_64-fedora-gcc, r-devel-windows-x86_64-new-UL, r-devel-windows-x86_64-new-TK, r-devel-windows-x86_64-old, r-patched-linux-x86_64, r-release-linux-x86_64, r-release-macos-arm64, r-release-macos-x86_64, r-release-windows-ix86+x86_64, r-oldrel-macos-x86_64, r-oldrel-windows-ix86+x86_64