CRAN Package Check Results for Package ca

Last updated on 2020-08-09 00:46:42 CEST.

Flavor Version Tinstall Tcheck Ttotal Status Flags
r-devel-linux-x86_64-debian-clang 0.71.1 8.62 40.96 49.58 OK
r-devel-linux-x86_64-debian-gcc 0.71.1 6.19 30.89 37.08 OK
r-devel-linux-x86_64-fedora-clang 0.71.1 63.39 OK
r-devel-linux-x86_64-fedora-gcc 0.71.1 53.86 OK
r-devel-windows-ix86+x86_64 0.71.1 13.00 67.00 80.00 OK
r-patched-linux-x86_64 0.71.1 8.35 39.63 47.98 OK
r-patched-solaris-x86 0.71.1 75.00 OK
r-release-linux-x86_64 0.71.1 8.66 39.36 48.02 OK
r-release-macos-x86_64 0.71.1 OK
r-release-windows-ix86+x86_64 0.71.1 12.00 46.00 58.00 OK
r-oldrel-macos-x86_64 0.71.1 NOTE
r-oldrel-windows-ix86+x86_64 0.71.1 10.00 60.00 70.00 OK

Check Details

Version: 0.71.1
Check: dependencies in R code
Result: NOTE
    No protocol specified
Flavor: r-oldrel-macos-x86_64