Last updated on 2024-08-16 11:49:36 CEST.
Flavor | Version | Tinstall | Tcheck | Ttotal | Status | Flags |
---|---|---|---|---|---|---|
r-devel-linux-x86_64-debian-clang | 1.4 | 4.98 | 286.52 | 291.50 | OK | |
r-devel-linux-x86_64-debian-gcc | 1.4 | 3.59 | 217.70 | 221.29 | OK | |
r-devel-linux-x86_64-fedora-clang | 1.4 | 501.46 | NOTE | |||
r-devel-linux-x86_64-fedora-gcc | 1.4 | 503.41 | OK | |||
r-devel-windows-x86_64 | 1.4 | 8.00 | 112.00 | 120.00 | NOTE | |
r-patched-linux-x86_64 | 1.4 | 4.71 | 279.69 | 284.40 | OK | |
r-release-linux-x86_64 | 1.4 | 4.86 | 282.04 | 286.90 | OK | |
r-release-macos-arm64 | 1.4 | 55.00 | NOTE | |||
r-release-macos-x86_64 | 1.4 | 142.00 | NOTE | |||
r-release-windows-x86_64 | 1.4 | 9.00 | 110.00 | 119.00 | NOTE | |
r-oldrel-macos-arm64 | 1.4 | 72.00 | NOTE | |||
r-oldrel-macos-x86_64 | 1.4 | 117.00 | NOTE | |||
r-oldrel-windows-x86_64 | 1.4 | 10.00 | 127.00 | 137.00 | NOTE |
Version: 1.4
Check: installed package size
Result: NOTE
installed size is 6.9Mb
sub-directories of 1Mb or more:
doc 4.8Mb
libs 1.9Mb
Flavors: r-devel-linux-x86_64-fedora-clang, r-devel-windows-x86_64, r-release-macos-arm64, r-release-macos-x86_64, r-release-windows-x86_64, r-oldrel-macos-arm64, r-oldrel-macos-x86_64, r-oldrel-windows-x86_64