Last updated on 2022-06-30 17:49:41 CEST.
Flavor | Version | Tinstall | Tcheck | Ttotal | Status | Flags |
---|---|---|---|---|---|---|
r-devel-linux-x86_64-debian-clang | 0.6.0 | 3.25 | 26.49 | 29.74 | NOTE | |
r-devel-linux-x86_64-debian-gcc | 0.6.0 | 2.31 | 20.90 | 23.21 | NOTE | |
r-devel-linux-x86_64-fedora-clang | 0.6.0 | 46.97 | NOTE | |||
r-devel-linux-x86_64-fedora-gcc | 0.6.0 | 45.81 | NOTE | |||
r-devel-windows-x86_64 | 0.6.0 | 30.00 | 50.00 | 80.00 | NOTE | |
r-patched-linux-x86_64 | 0.6.0 | 3.31 | 26.40 | 29.71 | NOTE | |
r-release-linux-x86_64 | 0.6.0 | 3.35 | 26.07 | 29.42 | NOTE | |
r-release-macos-arm64 | 0.6.0 | 17.00 | NOTE | |||
r-release-macos-x86_64 | 0.6.0 | 24.00 | NOTE | |||
r-release-windows-x86_64 | 0.6.0 | 23.00 | 56.00 | 79.00 | NOTE | |
r-oldrel-macos-arm64 | 0.6.0 | 21.00 | NOTE | |||
r-oldrel-macos-x86_64 | 0.6.0 | 29.00 | NOTE | |||
r-oldrel-windows-ix86+x86_64 | 0.6.0 | 7.00 | 46.00 | 53.00 | NOTE |
Version: 0.6.0
Check: LazyData
Result: NOTE
'LazyData' is specified without a 'data' directory
Flavors: r-devel-linux-x86_64-debian-clang, r-devel-linux-x86_64-debian-gcc, r-devel-linux-x86_64-fedora-clang, r-devel-linux-x86_64-fedora-gcc, r-devel-windows-x86_64, r-patched-linux-x86_64, r-release-linux-x86_64, r-release-macos-arm64, r-release-macos-x86_64, r-release-windows-x86_64, r-oldrel-macos-arm64, r-oldrel-macos-x86_64, r-oldrel-windows-ix86+x86_64