CRAN Package Check Results for Package caffsim

Last updated on 2021-01-16 11:47:41 CET.

Flavor Version Tinstall Tcheck Ttotal Status Flags
r-devel-linux-x86_64-debian-clang 0.2.2 8.96 88.78 97.74 OK
r-devel-linux-x86_64-debian-gcc 0.2.2 7.85 70.05 77.90 OK
r-devel-linux-x86_64-fedora-clang 0.2.2 127.11 NOTE
r-devel-linux-x86_64-fedora-gcc 0.2.2 115.02 NOTE
r-devel-windows-ix86+x86_64 0.2.2 19.00 95.00 114.00 OK
r-patched-linux-x86_64 0.2.2 9.69 81.60 91.29 OK
r-patched-solaris-x86 0.2.2 166.00 NOTE
r-release-linux-x86_64 0.2.2 9.96 85.52 95.48 OK
r-release-macos-x86_64 0.2.2 NOTE
r-release-windows-ix86+x86_64 0.2.2 21.00 81.00 102.00 OK
r-oldrel-macos-x86_64 0.2.2 NOTE
r-oldrel-windows-ix86+x86_64 0.2.2 21.00 79.00 100.00 OK

Check Details

Version: 0.2.2
Check: dependencies in R code
Result: NOTE
    Namespace in Imports field not imported from: ‘markdown’
     All declared Imports should be used.
Flavors: r-devel-linux-x86_64-fedora-clang, r-devel-linux-x86_64-fedora-gcc, r-patched-solaris-x86, r-release-macos-x86_64, r-oldrel-macos-x86_64