Last updated on 2024-08-16 11:49:36 CEST.
Flavor | Version | Tinstall | Tcheck | Ttotal | Status | Flags |
---|---|---|---|---|---|---|
r-devel-linux-x86_64-debian-clang | 0.1.1 | 3.86 | 65.27 | 69.13 | OK | |
r-devel-linux-x86_64-debian-gcc | 0.1.1 | 3.87 | 45.73 | 49.60 | OK | |
r-devel-linux-x86_64-fedora-clang | 0.1.1 | 114.26 | NOTE | |||
r-devel-linux-x86_64-fedora-gcc | 0.1.1 | 121.75 | NOTE | |||
r-devel-windows-x86_64 | 0.1.1 | 8.00 | 83.00 | 91.00 | OK | |
r-patched-linux-x86_64 | 0.1.1 | 4.70 | 61.67 | 66.37 | OK | |
r-release-linux-x86_64 | 0.1.1 | 5.29 | 62.33 | 67.62 | OK | |
r-release-macos-arm64 | 0.1.1 | 43.00 | OK | |||
r-release-macos-x86_64 | 0.1.1 | 100.00 | OK | |||
r-release-windows-x86_64 | 0.1.1 | 8.00 | 82.00 | 90.00 | OK | |
r-oldrel-macos-arm64 | 0.1.1 | 49.00 | OK | |||
r-oldrel-macos-x86_64 | 0.1.1 | 90.00 | OK | |||
r-oldrel-windows-x86_64 | 0.1.1 | 9.00 | 97.00 | 106.00 | OK |
Version: 0.1.1
Check: data for non-ASCII characters
Result: NOTE
Note: found 1 marked UTF-8 string
Flavors: r-devel-linux-x86_64-fedora-clang, r-devel-linux-x86_64-fedora-gcc