CRAN Package Check Results for Package cancerTiming

Last updated on 2022-01-24 05:51:44 CET.

Flavor Version Tinstall Tcheck Ttotal Status Flags
r-devel-linux-x86_64-debian-clang 3.1.8 4.96 52.62 57.58 OK
r-devel-linux-x86_64-debian-gcc 3.1.8 3.57 40.60 44.17 OK
r-devel-linux-x86_64-fedora-clang 3.1.8 69.70 OK
r-devel-linux-x86_64-fedora-gcc 3.1.8 60.50 OK
r-devel-windows-x86_64-new-UL 3.1.8 56.00 74.00 130.00 OK
r-devel-windows-x86_64-new-TK 3.1.8 OK
r-patched-linux-x86_64 3.1.8 3.54 50.43 53.97 OK
r-release-linux-x86_64 3.1.8 4.53 50.66 55.19 OK
r-release-macos-arm64 3.1.8 NOTE
r-release-macos-x86_64 3.1.8 OK
r-release-windows-ix86+x86_64 3.1.8 8.00 64.00 72.00 OK
r-oldrel-macos-x86_64 3.1.8 OK
r-oldrel-windows-ix86+x86_64 3.1.8 8.00 64.00 72.00 OK

Check Details

Version: 3.1.8
Check: package dependencies
Result: NOTE
    Package suggested but not available for checking: ‘GenomicRanges’
Flavor: r-release-macos-arm64

Version: 3.1.8
Check: Rd cross-references
Result: NOTE
    Package unavailable to check Rd xrefs: ‘GenomicRanges’
Flavor: r-release-macos-arm64