CRAN Package Check Results for Package candisc

Last updated on 2021-05-13 05:49:32 CEST.

Flavor Version Tinstall Tcheck Ttotal Status Flags
r-devel-linux-x86_64-debian-clang 0.8-5 7.02 70.69 77.71 OK
r-devel-linux-x86_64-debian-gcc 0.8-5 5.93 52.41 58.34 OK
r-devel-linux-x86_64-fedora-clang 0.8-5 101.10 NOTE
r-devel-linux-x86_64-fedora-gcc 0.8-5 93.93 OK
r-devel-windows-ix86+x86_64 0.8-5 17.00 71.00 88.00 OK
r-devel-windows-x86_64-gcc10-UCRT 0.8-5 OK
r-patched-linux-x86_64 0.8-5 6.75 66.39 73.14 OK
r-patched-solaris-x86 0.8-5 129.40 OK
r-release-linux-x86_64 0.8-5 6.75 65.44 72.19 OK
r-release-macos-x86_64 0.8-5 OK
r-release-windows-ix86+x86_64 0.8-5 12.00 85.00 97.00 OK
r-oldrel-macos-x86_64 0.8-5 OK
r-oldrel-windows-ix86+x86_64 0.8-5 13.00 85.00 98.00 OK

Check Details

Version: 0.8-5
Check: Rd cross-references
Result: NOTE
    Undeclared packages ‘yacca’, ‘CCA’ in Rd xrefs
Flavor: r-devel-linux-x86_64-fedora-clang