CRAN Package Check Results for Package canvasXpress

Last updated on 2019-10-17 23:46:58 CEST.

Flavor Version Tinstall Tcheck Ttotal Status Flags
r-devel-linux-x86_64-debian-clang 1.24.8 2.84 32.02 34.86 OK
r-devel-linux-x86_64-debian-gcc 1.24.8 2.28 25.60 27.88 OK
r-devel-linux-x86_64-fedora-clang 1.24.8 43.17 OK
r-devel-linux-x86_64-fedora-gcc 1.24.8 42.88 OK
r-devel-windows-ix86+x86_64 1.24.8 12.00 50.00 62.00 OK
r-patched-linux-x86_64 1.24.8 2.65 31.72 34.37 OK
r-patched-solaris-x86 1.24.8 65.00 OK
r-release-linux-x86_64 1.24.8 2.81 31.57 34.38 OK
r-release-windows-ix86+x86_64 1.24.8 6.00 48.00 54.00 OK
r-release-osx-x86_64 1.24.8 NOTE
r-oldrel-windows-ix86+x86_64 1.24.8 5.00 47.00 52.00 OK
r-oldrel-osx-x86_64 1.24.8 OK

Check Details

Version: 1.24.8
Check: package dependencies
Result: NOTE
    Package suggested but not available for checking: ‘limma’
Flavor: r-release-osx-x86_64