CRAN Package Check Results for Package caper

Last updated on 2024-02-28 17:48:22 CET.

Flavor Version Tinstall Tcheck Ttotal Status Flags
r-devel-linux-x86_64-debian-clang 1.0.3 7.90 111.28 119.18 NOTE
r-devel-linux-x86_64-debian-gcc 1.0.3 5.20 82.87 88.07 NOTE
r-devel-linux-x86_64-fedora-clang 1.0.3 143.68 NOTE
r-devel-linux-x86_64-fedora-gcc 1.0.3 162.33 NOTE
r-devel-windows-x86_64 1.0.3 7.00 130.00 137.00 OK
r-patched-linux-x86_64 1.0.3 8.56 107.89 116.45 OK
r-release-linux-x86_64 1.0.3 8.00 110.87 118.87 OK
r-release-macos-arm64 1.0.3 57.00 OK
r-release-macos-x86_64 1.0.3 254.00 OK
r-release-windows-x86_64 1.0.3 9.00 135.00 144.00 OK
r-oldrel-macos-arm64 1.0.3 53.00 OK
r-oldrel-windows-x86_64 1.0.3 10.00 144.00 154.00 OK

Check Details

Version: 1.0.3
Check: Rd files
Result: NOTE checkRd: (-1) macrocaic.Rd:31: Lost braces; missing escapes or markup? 31 | {RRD = ln(N_1/N_2)} | ^ checkRd: (-1) macrocaic.Rd:34: Lost braces; missing escapes or markup? 34 | {PDI = (N_1/(N_1 + N_2))-0.5} | ^ checkRd: (-1) pd.calc.Rd:33: Lost braces 33 | \item{Length of tip branch lengths (TIPS)}{Length of tip branch lengths (TIPS)}{Unlike UEH, this measure does not use the unique paths to each tips on the \strong{subtree} and instead gives the sum of the unique branches leading to the tips on the \strong{complete tree}.} | ^ Flavors: r-devel-linux-x86_64-debian-clang, r-devel-linux-x86_64-debian-gcc, r-devel-linux-x86_64-fedora-clang, r-devel-linux-x86_64-fedora-gcc