Last updated on 2023-05-28 12:01:46 CEST.
Flavor | Version | Tinstall | Tcheck | Ttotal | Status | Flags |
---|---|---|---|---|---|---|
r-devel-linux-x86_64-debian-clang | 1.0.1 | 6.68 | 122.22 | 128.90 | NOTE | |
r-devel-linux-x86_64-debian-gcc | 1.0.1 | 6.15 | 90.79 | 96.94 | NOTE | |
r-devel-linux-x86_64-fedora-clang | 1.0.1 | 159.01 | NOTE | |||
r-devel-linux-x86_64-fedora-gcc | 1.0.1 | 166.93 | NOTE | |||
r-devel-windows-x86_64 | 1.0.1 | 7.00 | 151.00 | 158.00 | NOTE | |
r-patched-linux-x86_64 | 1.0.1 | 11.31 | 117.65 | 128.96 | NOTE | |
r-release-linux-x86_64 | 1.0.1 | 8.92 | 115.74 | 124.66 | NOTE | |
r-release-macos-arm64 | 1.0.1 | 68.00 | NOTE | |||
r-release-macos-x86_64 | 1.0.1 | 104.00 | NOTE | |||
r-release-windows-x86_64 | 1.0.1 | 9.00 | 157.00 | 166.00 | NOTE | |
r-oldrel-macos-arm64 | 1.0.1 | 62.00 | OK | |||
r-oldrel-macos-x86_64 | 1.0.1 | 86.00 | OK | |||
r-oldrel-windows-x86_64 | 1.0.1 | 10.00 | 163.00 | 173.00 | OK |
Version: 1.0.1
Check: Rd files
Result: NOTE
checkRd: (-1) caic-class.Rd:14: Escaped LaTeX specials: \$ \$
checkRd: (-1) caic-class.Rd:15: Escaped LaTeX specials: \$ \$
Flavors: r-devel-linux-x86_64-debian-clang, r-devel-linux-x86_64-debian-gcc, r-devel-linux-x86_64-fedora-clang, r-devel-linux-x86_64-fedora-gcc, r-devel-windows-x86_64, r-patched-linux-x86_64, r-release-linux-x86_64, r-release-macos-arm64, r-release-macos-x86_64, r-release-windows-x86_64