CRAN Package Check Results for Package carrier

Last updated on 2023-06-03 17:50:20 CEST.

Flavor Version Tinstall Tcheck Ttotal Status Flags
r-devel-linux-x86_64-debian-clang 0.1.1 2.93 28.72 31.65 OK
r-devel-linux-x86_64-debian-gcc 0.1.1 2.05 22.45 24.50 OK
r-devel-linux-x86_64-fedora-clang 0.1.1 38.94 OK
r-devel-linux-x86_64-fedora-gcc 0.1.1 36.72 OK
r-devel-windows-x86_64 0.1.1 5.00 45.00 50.00 OK
r-patched-linux-x86_64 0.1.1 OK
r-release-linux-x86_64 0.1.1 2.69 27.66 30.35 OK
r-release-macos-arm64 0.1.1 19.00 OK
r-release-macos-x86_64 0.1.0 25.00 NOTE
r-release-windows-x86_64 0.1.1 3.00 43.00 46.00 OK
r-oldrel-macos-arm64 0.1.1 18.00 OK
r-oldrel-macos-x86_64 0.1.1 24.00 OK
r-oldrel-windows-x86_64 0.1.1 4.00 49.00 53.00 OK

Check Details

Version: 0.1.0
Check: LazyData
Result: NOTE
     'LazyData' is specified without a 'data' directory
Flavor: r-release-macos-x86_64