CRAN Package Check Results for Package cartographer

Last updated on 2024-04-24 12:56:30 CEST.

Flavor Version Tinstall Tcheck Ttotal Status Flags
r-devel-linux-x86_64-debian-clang 0.2.1 3.26 53.95 57.21 NOTE
r-devel-linux-x86_64-debian-gcc 0.2.1 2.89 39.72 42.61 NOTE
r-devel-linux-x86_64-fedora-clang 0.2.1 78.79 NOTE
r-devel-linux-x86_64-fedora-gcc 0.2.1 83.27 NOTE
r-devel-windows-x86_64 0.2.1 8.00 63.00 71.00 NOTE
r-patched-linux-x86_64 0.2.1 2.82 51.89 54.71 NOTE
r-release-linux-x86_64 0.2.1 3.93 51.53 55.46 NOTE
r-release-macos-arm64 0.2.1 37.00 NOTE
r-release-macos-x86_64 0.2.1 69.00 NOTE
r-release-windows-x86_64 0.2.1 6.00 64.00 70.00 NOTE
r-oldrel-macos-arm64 0.2.1 47.00 NOTE
r-oldrel-macos-x86_64 0.2.1 63.00 NOTE
r-oldrel-windows-x86_64 0.2.1 7.00 72.00 79.00 NOTE

Check Details

Version: 0.2.1
Check: package dependencies
Result: NOTE Package suggested but not available for checking: ‘rnaturalearthhires’ Flavors: r-devel-linux-x86_64-debian-clang, r-devel-linux-x86_64-debian-gcc, r-devel-linux-x86_64-fedora-clang, r-devel-linux-x86_64-fedora-gcc, r-devel-windows-x86_64, r-patched-linux-x86_64, r-release-linux-x86_64, r-release-macos-arm64, r-release-macos-x86_64, r-release-windows-x86_64, r-oldrel-macos-arm64, r-oldrel-macos-x86_64, r-oldrel-windows-x86_64