CRAN Package Check Results for Package castor

Last updated on 2024-06-13 18:49:43 CEST.

Flavor Version Tinstall Tcheck Ttotal Status Flags
r-devel-linux-x86_64-debian-clang 1.8.0 157.39 221.30 378.69 OK
r-devel-linux-x86_64-debian-gcc 1.8.0 128.55 159.62 288.17 NOTE
r-devel-linux-x86_64-fedora-clang 1.8.0 457.32 OK
r-devel-linux-x86_64-fedora-gcc 1.8.0 526.81 OK
r-devel-windows-x86_64 1.8.0 114.00 207.00 321.00 OK
r-patched-linux-x86_64 1.8.0 160.86 210.50 371.36 OK
r-release-linux-x86_64 1.8.0 142.47 215.58 358.05 OK
r-release-macos-arm64 1.8.0 113.00 NOTE
r-release-macos-x86_64 1.8.0 196.00 NOTE
r-release-windows-x86_64 1.8.0 111.00 219.00 330.00 OK
r-oldrel-macos-arm64 1.8.0 116.00 NOTE
r-oldrel-macos-x86_64 1.8.0 270.00 NOTE
r-oldrel-windows-x86_64 1.8.0 143.00 268.00 411.00 OK

Check Details

Version: 1.8.0
Check: package dependencies
Result: NOTE Package suggested but not available for checking: ‘nloptr’ Flavor: r-devel-linux-x86_64-debian-gcc

Version: 1.8.0
Check: installed package size
Result: NOTE installed size is 21.3Mb sub-directories of 1Mb or more: R 1.0Mb libs 19.3Mb Flavors: r-release-macos-arm64, r-release-macos-x86_64, r-oldrel-macos-arm64, r-oldrel-macos-x86_64