CRAN Package Check Results for Package castor

Last updated on 2020-08-07 23:48:54 CEST.

Flavor Version Tinstall Tcheck Ttotal Status Flags
r-devel-linux-x86_64-debian-clang 1.6.2 128.79 108.97 237.76 OK
r-devel-linux-x86_64-debian-gcc 1.6.2 130.61 81.38 211.99 OK
r-devel-linux-x86_64-fedora-clang 1.6.2 313.86 NOTE
r-devel-linux-x86_64-fedora-gcc 1.6.2 346.49 OK
r-devel-windows-ix86+x86_64 1.6.2 259.00 153.00 412.00 NOTE
r-patched-linux-x86_64 1.6.2 151.66 108.89 260.55 OK
r-patched-solaris-x86 1.6.2 261.60 OK
r-release-linux-x86_64 1.6.2 148.24 108.51 256.75 OK
r-release-macos-x86_64 1.6.2 NOTE
r-release-windows-ix86+x86_64 1.6.2 262.00 194.00 456.00 NOTE
r-oldrel-macos-x86_64 1.6.2 NOTE
r-oldrel-windows-ix86+x86_64 1.6.2 174.00 182.00 356.00 NOTE

Check Details

Version: 1.6.2
Check: installed package size
Result: NOTE
     installed size is 22.7Mb
     sub-directories of 1Mb or more:
     libs 21.2Mb
Flavors: r-devel-linux-x86_64-fedora-clang, r-devel-windows-ix86+x86_64, r-release-macos-x86_64, r-release-windows-ix86+x86_64, r-oldrel-macos-x86_64, r-oldrel-windows-ix86+x86_64