CRAN Package Check Results for Package castor

Last updated on 2021-05-13 17:48:11 CEST.

Flavor Version Tinstall Tcheck Ttotal Status Flags
r-devel-linux-x86_64-debian-clang 1.6.7 142.94 178.07 321.01 OK
r-devel-linux-x86_64-debian-gcc 1.6.7 138.27 134.13 272.40 OK
r-devel-linux-x86_64-fedora-clang 1.6.7 429.19 NOTE
r-devel-linux-x86_64-fedora-gcc 1.6.7 457.63 OK
r-devel-windows-ix86+x86_64 1.6.7 283.00 201.00 484.00 NOTE
r-devel-windows-x86_64-gcc10-UCRT 1.6.7 OK
r-patched-linux-x86_64 1.6.7 154.75 174.18 328.93 OK
r-patched-solaris-x86 1.6.7 404.00 OK
r-release-linux-x86_64 1.6.7 150.75 162.46 313.21 OK
r-release-macos-x86_64 1.6.7 NOTE
r-release-windows-ix86+x86_64 1.6.7 204.00 282.00 486.00 NOTE
r-oldrel-macos-x86_64 1.6.7 NOTE
r-oldrel-windows-ix86+x86_64 1.6.7 276.00 0.00 276.00 ERROR

Check Details

Version: 1.6.7
Check: installed package size
Result: NOTE
     installed size is 17.0Mb
     sub-directories of 1Mb or more:
     libs 15.2Mb
Flavors: r-devel-linux-x86_64-fedora-clang, r-devel-windows-ix86+x86_64, r-release-macos-x86_64, r-release-windows-ix86+x86_64, r-oldrel-macos-x86_64

Version: 1.6.7
Check: whether package can be installed
Result: ERROR
    Installation failed.
Flavor: r-oldrel-windows-ix86+x86_64