Last updated on 2023-06-03 23:58:48 CEST.
Flavor | Version | Tinstall | Tcheck | Ttotal | Status | Flags |
---|---|---|---|---|---|---|
r-devel-linux-x86_64-debian-clang | 1.7.10 | 166.54 | 211.53 | 378.07 | OK | |
r-devel-linux-x86_64-debian-gcc | 1.7.10 | 134.45 | 159.77 | 294.22 | OK | |
r-devel-linux-x86_64-fedora-clang | 1.7.10 | 466.98 | OK | |||
r-devel-linux-x86_64-fedora-gcc | 1.7.10 | 502.27 | OK | |||
r-devel-windows-x86_64 | 1.7.10 | 109.00 | 221.00 | 330.00 | OK | |
r-patched-linux-x86_64 | 1.7.10 | OK | ||||
r-release-linux-x86_64 | 1.7.10 | 126.23 | 204.73 | 330.96 | OK | |
r-release-macos-arm64 | 1.7.10 | 124.00 | NOTE | |||
r-release-macos-x86_64 | 1.7.9 | 291.00 | NOTE | |||
r-release-windows-x86_64 | 1.7.10 | 138.00 | 275.00 | 413.00 | OK | |
r-oldrel-macos-arm64 | 1.7.10 | 115.00 | NOTE | |||
r-oldrel-macos-x86_64 | 1.7.10 | 131.00 | NOTE | |||
r-oldrel-windows-x86_64 | 1.7.10 | 131.00 | 258.00 | 389.00 | OK |
Version: 1.7.10
Check: installed package size
Result: NOTE
installed size is 21.4Mb
sub-directories of 1Mb or more:
R 1.0Mb
libs 19.5Mb
Flavors: r-release-macos-arm64, r-oldrel-macos-arm64, r-oldrel-macos-x86_64
Version: 1.7.9
Check: installed package size
Result: NOTE
installed size is 21.2Mb
sub-directories of 1Mb or more:
R 1.0Mb
libs 19.3Mb
Flavor: r-release-macos-x86_64