Last updated on 2023-03-23 17:52:11 CET.
Flavor | Version | Tinstall | Tcheck | Ttotal | Status | Flags |
---|---|---|---|---|---|---|
r-devel-linux-x86_64-debian-clang | 0.5.0 | 5.27 | 43.04 | 48.31 | NOTE | |
r-devel-linux-x86_64-debian-gcc | 0.5.0 | 3.10 | 32.44 | 35.54 | NOTE | |
r-devel-linux-x86_64-fedora-clang | 0.5.0 | 60.34 | NOTE | |||
r-devel-linux-x86_64-fedora-gcc | 0.5.0 | 55.79 | NOTE | |||
r-devel-windows-x86_64 | 0.5.0 | 17.00 | 73.00 | 90.00 | NOTE | |
r-patched-linux-x86_64 | 0.5.0 | 3.95 | 40.84 | 44.79 | NOTE | |
r-release-linux-x86_64 | 0.5.0 | 4.14 | 41.37 | 45.51 | NOTE | |
r-release-macos-arm64 | 0.5.0 | 24.00 | NOTE | |||
r-release-macos-x86_64 | 0.5.0 | 42.00 | NOTE | |||
r-release-windows-x86_64 | 0.5.0 | 16.00 | 116.00 | 132.00 | NOTE | |
r-oldrel-macos-arm64 | 0.5.0 | 27.00 | NOTE | |||
r-oldrel-macos-x86_64 | 0.5.0 | 37.00 | NOTE | |||
r-oldrel-windows-ix86+x86_64 | 0.5.0 | 11.00 | 66.00 | 77.00 | NOTE |
Version: 0.5.0
Check: LazyData
Result: NOTE
'LazyData' is specified without a 'data' directory
Flavors: r-devel-linux-x86_64-debian-clang, r-devel-linux-x86_64-debian-gcc, r-devel-linux-x86_64-fedora-clang, r-devel-linux-x86_64-fedora-gcc, r-devel-windows-x86_64, r-patched-linux-x86_64, r-release-linux-x86_64, r-release-macos-arm64, r-release-macos-x86_64, r-release-windows-x86_64, r-oldrel-macos-arm64, r-oldrel-macos-x86_64, r-oldrel-windows-ix86+x86_64