CRAN Package Check Results for Package catlearn

Last updated on 2022-09-27 11:51:09 CEST.

Flavor Version Tinstall Tcheck Ttotal Status Flags
r-devel-linux-x86_64-debian-clang 0.9.1 123.84 51.82 175.66 OK
r-devel-linux-x86_64-debian-gcc 0.9.1 100.46 39.29 139.75 OK
r-devel-linux-x86_64-fedora-clang 0.9.1 280.07 OK
r-devel-linux-x86_64-fedora-gcc 0.9.1 243.42 OK
r-devel-windows-x86_64 0.9.1 100.00 113.00 213.00 OK
r-patched-linux-x86_64 0.9.1 111.63 48.66 160.29 OK
r-release-linux-x86_64 0.9.1 104.74 48.89 153.63 OK
r-release-macos-arm64 0.9.1 60.00 OK
r-release-macos-x86_64 0.9.1 99.00 NOTE
r-release-windows-x86_64 0.9.1 105.00 106.00 211.00 OK
r-oldrel-macos-arm64 0.9.1 49.00 OK
r-oldrel-macos-x86_64 0.9.1 77.00 OK
r-oldrel-windows-ix86+x86_64 0.9.1 293.00 102.00 395.00 OK

Check Details

Version: 0.9.1
Check: installed package size
Result: NOTE
     installed size is 5.0Mb
     sub-directories of 1Mb or more:
     libs 4.6Mb
Flavor: r-release-macos-x86_64