CRAN Package Check Results for Package catnet

Last updated on 2019-07-16 05:48:06 CEST.

Flavor Version Tinstall Tcheck Ttotal Status Flags
r-devel-linux-x86_64-debian-clang 1.15.5 31.58 66.89 98.47 NOTE
r-devel-linux-x86_64-debian-gcc 1.15.5 24.78 52.24 77.02 NOTE
r-devel-linux-x86_64-fedora-clang 1.15.5 112.86 NOTE
r-devel-linux-x86_64-fedora-gcc 1.15.5 122.02 NOTE
r-devel-windows-ix86+x86_64 1.15.5 77.00 133.00 210.00 OK
r-patched-linux-x86_64 1.15.5 33.39 67.08 100.47 OK
r-patched-solaris-x86 1.15.5 180.30 OK
r-release-linux-x86_64 1.15.5 33.47 66.56 100.03 OK
r-release-windows-ix86+x86_64 1.15.5 78.00 254.00 332.00 OK
r-release-osx-x86_64 1.15.5 OK
r-oldrel-windows-ix86+x86_64 1.15.5 67.00 208.00 275.00 OK
r-oldrel-osx-x86_64 1.15.5 OK

Additional issues

LTO rchk

Check Details

Version: 1.15.5
Check: for non-standard things in the check directory
Result: NOTE
    Found the following files/directories:
     'cnet.dot'
Flavors: r-devel-linux-x86_64-debian-clang, r-devel-linux-x86_64-debian-gcc, r-devel-linux-x86_64-fedora-clang, r-devel-linux-x86_64-fedora-gcc