Last updated on 2022-05-19 00:52:46 CEST.
Flavor | Version | Tinstall | Tcheck | Ttotal | Status | Flags |
---|---|---|---|---|---|---|
r-devel-linux-x86_64-debian-clang | 0.0.5 | 18.81 | 248.47 | 267.28 | NOTE | |
r-devel-linux-x86_64-debian-gcc | 0.0.5 | 13.81 | 180.03 | 193.84 | NOTE | |
r-devel-linux-x86_64-fedora-clang | 0.0.5 | 324.97 | NOTE | |||
r-devel-linux-x86_64-fedora-gcc | 0.0.5 | 295.34 | NOTE | |||
r-devel-windows-x86_64 | 0.0.5 | 46.00 | 188.00 | 234.00 | NOTE | |
r-patched-linux-x86_64 | 0.0.5 | 15.96 | 218.38 | 234.34 | NOTE | |
r-release-linux-x86_64 | 0.0.5 | 17.07 | 219.29 | 236.36 | NOTE | |
r-release-macos-arm64 | 0.0.5 | 76.00 | NOTE | |||
r-release-macos-x86_64 | 0.0.5 | 126.00 | NOTE | |||
r-release-windows-x86_64 | 0.0.5 | 50.00 | 183.00 | 233.00 | NOTE | |
r-oldrel-macos-arm64 | 0.0.5 | 90.00 | NOTE | |||
r-oldrel-macos-x86_64 | 0.0.5 | 118.00 | NOTE | |||
r-oldrel-windows-ix86+x86_64 | 0.0.5 | 51.00 | 295.00 | 346.00 | NOTE |
Version: 0.0.5
Check: LazyData
Result: NOTE
'LazyData' is specified without a 'data' directory
Flavors: r-devel-linux-x86_64-debian-clang, r-devel-linux-x86_64-debian-gcc, r-devel-linux-x86_64-fedora-clang, r-devel-linux-x86_64-fedora-gcc, r-devel-windows-x86_64, r-patched-linux-x86_64, r-release-linux-x86_64, r-release-macos-arm64, r-release-macos-x86_64, r-release-windows-x86_64, r-oldrel-macos-arm64, r-oldrel-macos-x86_64, r-oldrel-windows-ix86+x86_64