CRAN Package Check Results for Package causal.decomp

Last updated on 2023-05-30 17:56:32 CEST.

Flavor Version Tinstall Tcheck Ttotal Status Flags
r-devel-linux-x86_64-debian-clang 0.1.0 13.59 134.55 148.14 OK
r-devel-linux-x86_64-debian-gcc 0.1.0 11.86 101.26 113.12 OK
r-devel-linux-x86_64-fedora-clang 0.1.0 193.16 NOTE
r-devel-linux-x86_64-fedora-gcc 0.1.0 189.80 NOTE
r-devel-windows-x86_64 0.1.0 14.00 109.00 123.00 OK
r-patched-linux-x86_64 0.1.0 12.49 130.93 143.42 OK
r-release-linux-x86_64 0.1.0 10.34 129.41 139.75 OK
r-release-macos-arm64 0.1.0 63.00 OK
r-release-macos-x86_64 0.1.0 88.00 OK
r-release-windows-x86_64 0.1.0 18.00 138.00 156.00 OK
r-oldrel-macos-arm64 0.1.0 46.00 OK
r-oldrel-macos-x86_64 0.1.0 71.00 OK
r-oldrel-windows-x86_64 0.1.0 19.00 137.00 156.00 OK

Check Details

Version: 0.1.0
Check: dependencies in R code
Result: NOTE
    Namespaces in Imports field not imported from:
     ‘CBPS’ ‘spelling’
     All declared Imports should be used.
Flavors: r-devel-linux-x86_64-fedora-clang, r-devel-linux-x86_64-fedora-gcc