Last updated on 2023-10-01 17:56:20 CEST.
Flavor | Version | Tinstall | Tcheck | Ttotal | Status | Flags |
---|---|---|---|---|---|---|
r-devel-linux-x86_64-debian-clang | 0.3.9 | 151.67 | 22.24 | 173.91 | OK | |
r-devel-linux-x86_64-debian-gcc | 0.3.9 | 111.22 | 17.50 | 128.72 | OK | |
r-devel-linux-x86_64-fedora-clang | 0.3.9 | 225.63 | OK | |||
r-devel-linux-x86_64-fedora-gcc | 0.3.9 | 221.64 | OK | |||
r-devel-windows-x86_64 | 0.3.9 | 76.00 | 69.00 | 145.00 | OK | |
r-patched-linux-x86_64 | 0.3.9 | 150.45 | 22.23 | 172.68 | OK | |
r-release-linux-x86_64 | 0.3.9 | 148.81 | 21.85 | 170.66 | OK | |
r-release-macos-arm64 | 0.3.9 | 53.00 | NOTE | |||
r-release-macos-x86_64 | 0.3.9 | 106.00 | NOTE | |||
r-release-windows-x86_64 | 0.3.9 | 112.00 | 80.00 | 192.00 | OK | |
r-oldrel-macos-arm64 | 0.3.9 | 57.00 | NOTE | |||
r-oldrel-macos-x86_64 | 0.3.9 | 78.00 | NOTE | |||
r-oldrel-windows-x86_64 | 0.3.9 | 96.00 | 76.00 | 172.00 | OK |
Version: 0.3.9
Check: installed package size
Result: NOTE
installed size is 7.4Mb
sub-directories of 1Mb or more:
libs 7.3Mb
Flavors: r-release-macos-arm64, r-release-macos-x86_64, r-oldrel-macos-arm64, r-oldrel-macos-x86_64