CRAN Package Check Results for Package ccmReportR

Last updated on 2024-05-19 05:55:45 CEST.

Flavor Version Tinstall Tcheck Ttotal Status Flags
r-devel-linux-x86_64-debian-clang 0.1.0 3.67 30.70 34.37 NOTE
r-devel-linux-x86_64-debian-gcc 0.1.0 2.50 23.20 25.70 NOTE
r-devel-linux-x86_64-fedora-clang 0.1.0 46.91 NOTE
r-devel-linux-x86_64-fedora-gcc 0.1.0 60.90 NOTE
r-devel-windows-x86_64 0.1.0 4.00 44.00 48.00 NOTE
r-patched-linux-x86_64 0.1.0 2.88 28.42 31.30 NOTE
r-release-linux-x86_64 0.1.0 3.32 29.27 32.59 NOTE
r-release-macos-arm64 0.1.0 19.00 NOTE
r-release-windows-x86_64 0.1.0 5.00 45.00 50.00 NOTE
r-oldrel-macos-arm64 0.1.0 18.00 NOTE
r-oldrel-macos-x86_64 0.1.0 24.00 NOTE
r-oldrel-windows-x86_64 0.1.0 5.00 50.00 55.00 NOTE

Check Details

Version: 0.1.0
Check: LazyData
Result: NOTE 'LazyData' is specified without a 'data' directory Flavors: r-devel-linux-x86_64-debian-clang, r-devel-linux-x86_64-debian-gcc, r-devel-linux-x86_64-fedora-clang, r-devel-linux-x86_64-fedora-gcc, r-devel-windows-x86_64, r-patched-linux-x86_64, r-release-linux-x86_64, r-release-macos-arm64, r-release-windows-x86_64, r-oldrel-macos-arm64, r-oldrel-macos-x86_64, r-oldrel-windows-x86_64