Last updated on 2023-10-05 01:01:40 CEST.
Flavor | Version | Tinstall | Tcheck | Ttotal | Status | Flags |
---|---|---|---|---|---|---|
r-devel-linux-x86_64-debian-clang | 0.1.0 | 13.66 | 115.34 | 129.00 | OK | |
r-devel-linux-x86_64-debian-gcc | 0.1.0 | 11.06 | 84.26 | 95.32 | OK | |
r-devel-linux-x86_64-fedora-clang | 0.1.0 | 155.34 | NOTE | |||
r-devel-linux-x86_64-fedora-gcc | 0.1.0 | 151.06 | NOTE | |||
r-devel-windows-x86_64 | 0.1.0 | 14.00 | 96.00 | 110.00 | OK | |
r-patched-linux-x86_64 | 0.1.0 | 13.28 | 110.28 | 123.56 | OK | |
r-release-linux-x86_64 | 0.1.0 | 12.96 | 109.36 | 122.32 | OK | |
r-release-macos-arm64 | 0.1.0 | 43.00 | OK | |||
r-release-macos-x86_64 | 0.1.0 | 78.00 | OK | |||
r-release-windows-x86_64 | 0.1.0 | 17.00 | 115.00 | 132.00 | OK | |
r-oldrel-macos-arm64 | 0.1.0 | 41.00 | NOTE | |||
r-oldrel-macos-x86_64 | 0.1.0 | 93.00 | NOTE | |||
r-oldrel-windows-x86_64 | 0.1.0 | 17.00 | 115.00 | 132.00 | OK |
Version: 0.1.0
Check: dependencies in R code
Result: NOTE
Namespace in Imports field not imported from: ‘methods’
All declared Imports should be used.
Flavors: r-devel-linux-x86_64-fedora-clang, r-devel-linux-x86_64-fedora-gcc, r-oldrel-macos-arm64, r-oldrel-macos-x86_64