CRAN Package Check Results for Package ceg

Last updated on 2019-10-21 23:49:46 CEST.

Flavor Version Tinstall Tcheck Ttotal Status Flags
r-devel-linux-x86_64-debian-clang 0.1.0 8.01 45.67 53.68 NOTE
r-devel-linux-x86_64-debian-gcc 0.1.0 6.43 37.22 43.65 NOTE
r-devel-linux-x86_64-fedora-clang 0.1.0 63.78 NOTE
r-devel-linux-x86_64-fedora-gcc 0.1.0 63.45 NOTE
r-devel-windows-ix86+x86_64 0.1.0 18.00 64.00 82.00 OK
r-patched-linux-x86_64 0.1.0 7.93 45.25 53.18 OK
r-patched-solaris-x86 0.1.0 97.20 OK
r-release-linux-x86_64 0.1.0 7.89 45.41 53.30 OK
r-release-windows-ix86+x86_64 0.1.0 21.00 63.00 84.00 OK
r-release-osx-x86_64 0.1.0 OK
r-oldrel-windows-ix86+x86_64 0.1.0 10.00 59.00 69.00 OK
r-oldrel-osx-x86_64 0.1.0 OK

Check Details

Version: 0.1.0
Check: for non-standard things in the check directory
Result: NOTE
    Found the following files/directories:
     'figure01ceg.pdf' 'figure02ceg.pdf' 'staged.tree.graph.pdf'
     'stratified-event-tree-plot.pdf'
Flavors: r-devel-linux-x86_64-debian-clang, r-devel-linux-x86_64-debian-gcc, r-devel-linux-x86_64-fedora-clang, r-devel-linux-x86_64-fedora-gcc