Last updated on 2024-08-16 11:49:37 CEST.
Flavor | Version | Tinstall | Tcheck | Ttotal | Status | Flags |
---|---|---|---|---|---|---|
r-devel-linux-x86_64-debian-clang | 1.0.2 | 52.07 | 126.27 | 178.34 | OK | |
r-devel-linux-x86_64-debian-gcc | 1.0.2 | 43.04 | 89.73 | 132.77 | OK | |
r-devel-linux-x86_64-fedora-clang | 1.0.2 | 278.72 | OK | |||
r-devel-linux-x86_64-fedora-gcc | 1.0.2 | 280.64 | OK | |||
r-devel-windows-x86_64 | 1.0.2 | 52.00 | 132.00 | 184.00 | OK | |
r-patched-linux-x86_64 | 1.0.2 | 54.20 | 118.62 | 172.82 | OK | |
r-release-linux-x86_64 | 1.0.2 | 54.23 | 119.98 | 174.21 | OK | |
r-release-macos-arm64 | 1.0.2 | 112.00 | NOTE | |||
r-release-macos-x86_64 | 1.0.2 | 147.00 | NOTE | |||
r-release-windows-x86_64 | 1.0.2 | 54.00 | 131.00 | 185.00 | OK | |
r-oldrel-macos-arm64 | 1.0.2 | 108.00 | NOTE | |||
r-oldrel-macos-x86_64 | 1.0.2 | 383.00 | NOTE | |||
r-oldrel-windows-x86_64 | 1.0.2 | 76.00 | 163.00 | 239.00 | OK |
Version: 1.0.2
Check: installed package size
Result: NOTE
installed size is 5.9Mb
sub-directories of 1Mb or more:
data 5.5Mb
Flavors: r-release-macos-arm64, r-release-macos-x86_64, r-oldrel-macos-arm64, r-oldrel-macos-x86_64