Last updated on 2022-05-16 18:50:04 CEST.
Flavor | Version | Tinstall | Tcheck | Ttotal | Status | Flags |
---|---|---|---|---|---|---|
r-devel-linux-x86_64-debian-clang | 2.2.6 | 117.51 | 272.72 | 390.23 | OK | |
r-devel-linux-x86_64-debian-gcc | 2.2.6 | 95.43 | 192.43 | 287.86 | OK | |
r-devel-linux-x86_64-fedora-clang | 2.2.6 | 509.29 | NOTE | |||
r-devel-linux-x86_64-fedora-gcc | 2.2.6 | 470.39 | OK | |||
r-devel-windows-x86_64 | 2.2.6 | 118.00 | 323.00 | 441.00 | NOTE | |
r-patched-linux-x86_64 | 2.2.6 | 102.95 | 258.12 | 361.07 | OK | |
r-release-linux-x86_64 | 2.2.6 | 106.74 | 256.40 | 363.14 | OK | |
r-release-macos-arm64 | 2.2.6 | 138.00 | NOTE | |||
r-release-macos-x86_64 | 2.2.6 | 249.00 | NOTE | |||
r-release-windows-x86_64 | 2.2.6 | 116.00 | 331.00 | 447.00 | NOTE | |
r-oldrel-macos-arm64 | 2.2.6 | 124.00 | NOTE | |||
r-oldrel-macos-x86_64 | 2.2.6 | 185.00 | NOTE | |||
r-oldrel-windows-ix86+x86_64 | 2.2.6 | 280.00 | 326.00 | 606.00 | NOTE |
Version: 2.2.6
Check: installed package size
Result: NOTE
installed size is 11.6Mb
sub-directories of 1Mb or more:
data 3.1Mb
doc 2.1Mb
libs 6.0Mb
Flavors: r-devel-linux-x86_64-fedora-clang, r-devel-windows-x86_64, r-release-macos-arm64, r-release-macos-x86_64, r-release-windows-x86_64, r-oldrel-macos-arm64, r-oldrel-macos-x86_64, r-oldrel-windows-ix86+x86_64