CRAN Package Check Results for Package censusapi

Last updated on 2024-05-24 07:00:17 CEST.

Flavor Version Tinstall Tcheck Ttotal Status Flags
r-devel-linux-x86_64-debian-clang 0.8.0 1.63 23.55 25.18 NOTE
r-devel-linux-x86_64-debian-gcc 0.8.0 1.97 18.21 20.18 NOTE
r-devel-linux-x86_64-fedora-clang 0.8.0 36.59 NOTE
r-devel-linux-x86_64-fedora-gcc 0.8.0 31.24 NOTE
r-devel-windows-x86_64 0.8.0 3.00 41.00 44.00 NOTE
r-patched-linux-x86_64 0.8.0 2.19 22.39 24.58 NOTE
r-release-linux-x86_64 0.8.0 2.57 22.71 25.28 NOTE
r-release-macos-arm64 0.8.0 16.00 NOTE
r-release-windows-x86_64 0.8.0 3.00 41.00 44.00 NOTE
r-oldrel-macos-arm64 0.8.0 17.00 OK
r-oldrel-macos-x86_64 0.8.0 20.00 OK
r-oldrel-windows-x86_64 0.8.0 3.00 42.00 45.00 OK

Check Details

Version: 0.8.0
Check: Rd files
Result: NOTE checkRd: (-1) listCensusApis.Rd:10: Lost braces; missing escapes or markup? 10 | Scrapes {https://api.census.gov/data.json} and returns a dataframe | ^ Flavors: r-devel-linux-x86_64-debian-clang, r-devel-linux-x86_64-debian-gcc, r-devel-linux-x86_64-fedora-clang, r-devel-linux-x86_64-fedora-gcc, r-devel-windows-x86_64, r-patched-linux-x86_64, r-release-linux-x86_64, r-release-macos-arm64, r-release-windows-x86_64