Last updated on 2024-08-31 17:48:52 CEST.
Flavor | Version | Tinstall | Tcheck | Ttotal | Status | Flags |
---|---|---|---|---|---|---|
r-devel-linux-x86_64-debian-clang | 1.2-2 | 6.36 | 47.83 | 54.19 | OK | |
r-devel-linux-x86_64-debian-gcc | 1.2-2 | 4.03 | 35.72 | 39.75 | OK | |
r-devel-linux-x86_64-fedora-clang | 1.2-2 | 84.56 | NOTE | |||
r-devel-linux-x86_64-fedora-gcc | 1.2-2 | 79.33 | OK | |||
r-devel-windows-x86_64 | 1.2-2 | 10.00 | 60.00 | 70.00 | OK | |
r-patched-linux-x86_64 | 1.2-2 | 5.49 | 45.01 | 50.50 | OK | |
r-release-linux-x86_64 | 1.2-2 | 5.67 | 45.17 | 50.84 | OK | |
r-release-macos-arm64 | 1.2-2 | 28.00 | OK | |||
r-release-macos-x86_64 | 1.2-2 | 43.00 | OK | |||
r-release-windows-x86_64 | 1.2-2 | 12.00 | 70.00 | 82.00 | OK | |
r-oldrel-macos-arm64 | 1.2-2 | 30.00 | OK | |||
r-oldrel-macos-x86_64 | 1.2-2 | 63.00 | OK | |||
r-oldrel-windows-x86_64 | 1.2-2 | 11.00 | 69.00 | 80.00 | OK |
Version: 1.2-2
Check: Rd cross-references
Result: NOTE
Undeclared package ‘vegan’ in Rd xrefs
Flavor: r-devel-linux-x86_64-fedora-clang