CRAN Package Check Results for Package cepreader

Last updated on 2021-10-24 23:51:43 CEST.

Flavor Version Tinstall Tcheck Ttotal Status Flags
r-devel-linux-x86_64-debian-clang 1.2-0 7.93 54.62 62.55 OK
r-devel-linux-x86_64-debian-gcc 1.2-0 5.79 42.84 48.63 OK
r-devel-linux-x86_64-fedora-clang 1.2-0 85.65 NOTE
r-devel-linux-x86_64-fedora-gcc 1.2-0 74.44 OK
r-devel-windows-x86_64 1.2-0 1.00 7.00 8.00 ERROR
r-devel-windows-x86_64-gcc10-UCRT 1.2-0 OK
r-patched-linux-x86_64 1.2-0 6.85 53.45 60.30 OK
r-patched-solaris-x86 1.2-0 112.80 OK
r-release-linux-x86_64 1.2-0 6.39 52.95 59.34 OK
r-release-macos-arm64 1.2-0 ERROR
r-release-macos-x86_64 1.2-0 OK
r-release-windows-ix86+x86_64 1.2-0 9.00 71.00 80.00 OK
r-oldrel-macos-x86_64 1.2-0 OK
r-oldrel-windows-ix86+x86_64 1.2-0 14.00 77.00 91.00 OK

Check Details

Version: 1.2-0
Check: Rd cross-references
Result: NOTE
    Undeclared package ‘vegan’ in Rd xrefs
Flavor: r-devel-linux-x86_64-fedora-clang

Version: 1.2-0
Check: whether package can be installed
Result: ERROR
    Installation failed.
Flavors: r-devel-windows-x86_64, r-release-macos-arm64