CRAN Package Check Results for Package ceterisParibus

Last updated on 2019-10-10 05:47:31 CEST.

Flavor Version Tinstall Tcheck Ttotal Status Flags
r-devel-linux-x86_64-debian-clang 0.3.1 4.78 305.11 309.89 OK
r-devel-linux-x86_64-debian-gcc 0.3.1 4.08 249.64 253.72 OK
r-devel-linux-x86_64-fedora-clang 0.3.1 376.23 NOTE
r-devel-linux-x86_64-fedora-gcc 0.3.1 356.26 NOTE
r-devel-windows-ix86+x86_64 0.3.1 15.00 495.00 510.00 OK
r-patched-linux-x86_64 0.3.1 5.15 284.38 289.53 OK
r-patched-solaris-x86 0.3.1 839.20 NOTE
r-release-linux-x86_64 0.3.1 4.34 286.07 290.41 OK
r-release-windows-ix86+x86_64 0.3.1 20.00 550.00 570.00 OK
r-release-osx-x86_64 0.3.1 FAIL
r-oldrel-windows-ix86+x86_64 0.3.1 7.00 631.00 638.00 OK
r-oldrel-osx-x86_64 0.3.1 NOTE

Check Details

Version: 0.3.1
Check: dependencies in R code
Result: NOTE
    Namespace in Imports field not imported from: ‘knitr’
     All declared Imports should be used.
Flavors: r-devel-linux-x86_64-fedora-clang, r-devel-linux-x86_64-fedora-gcc, r-patched-solaris-x86, r-release-osx-x86_64, r-oldrel-osx-x86_64

Version: 0.3.1
Check: installed package size
Result: NOTE
     installed size is 5.3Mb
     sub-directories of 1Mb or more:
     doc 5.1Mb
Flavor: r-patched-solaris-x86

Version: 0.3.1
Check: re-building of vignette outputs
Result: FAIL
    
Flavor: r-release-osx-x86_64