Last updated on 2023-03-22 05:52:22 CET.
Flavor | Version | Tinstall | Tcheck | Ttotal | Status | Flags |
---|---|---|---|---|---|---|
r-devel-linux-x86_64-debian-clang | 1.0.0 | 599.46 | 73.61 | 673.07 | OK | |
r-devel-linux-x86_64-debian-gcc | 1.0.0 | 554.16 | 87.90 | 642.06 | OK | |
r-devel-linux-x86_64-fedora-clang | 1.0.0 | 976.81 | NOTE | |||
r-devel-linux-x86_64-fedora-gcc | 1.0.0 | 1102.39 | OK | |||
r-devel-windows-x86_64 | 1.0.0 | 412.00 | 6.00 | 418.00 | ERROR | |
r-patched-linux-x86_64 | 1.0.0 | 583.60 | 109.45 | 693.05 | OK | |
r-release-linux-x86_64 | 1.0.0 | 569.66 | 108.28 | 677.94 | OK | |
r-release-macos-arm64 | 1.0.0 | 262.00 | NOTE | |||
r-release-macos-x86_64 | 1.0.0 | 285.00 | NOTE | |||
r-release-windows-x86_64 | 1.0.0 | 501.00 | 168.00 | 669.00 | NOTE | |
r-oldrel-macos-arm64 | 1.0.0 | 256.00 | NOTE | |||
r-oldrel-macos-x86_64 | 1.0.0 | 293.00 | NOTE | |||
r-oldrel-windows-ix86+x86_64 | 1.0.0 | 162.00 | 19.00 | 181.00 | ERROR |
Version: 1.0.0
Check: installed package size
Result: NOTE
installed size is 8.5Mb
sub-directories of 1Mb or more:
libs 8.2Mb
Flavors: r-devel-linux-x86_64-fedora-clang, r-release-macos-arm64, r-release-macos-x86_64, r-release-windows-x86_64, r-oldrel-macos-arm64, r-oldrel-macos-x86_64
Version: 1.0.0
Check: whether package can be installed
Result: ERROR
Installation failed.
Flavors: r-devel-windows-x86_64, r-oldrel-windows-ix86+x86_64