Last updated on 2023-06-06 11:57:36 CEST.
Flavor | Version | Tinstall | Tcheck | Ttotal | Status | Flags |
---|---|---|---|---|---|---|
r-devel-linux-x86_64-debian-clang | 1.0.2 | 13.72 | 304.56 | 318.28 | OK | |
r-devel-linux-x86_64-debian-gcc | 1.0.2 | 9.02 | 228.43 | 237.45 | OK | |
r-devel-linux-x86_64-fedora-clang | 1.0.2 | 421.31 | NOTE | |||
r-devel-linux-x86_64-fedora-gcc | 1.0.2 | 382.43 | OK | |||
r-devel-windows-x86_64 | 1.0.2 | 11.00 | 269.00 | 280.00 | NOTE | |
r-patched-linux-x86_64 | 1.0.2 | 9.67 | 293.53 | 303.20 | OK | |
r-release-linux-x86_64 | 1.0.2 | 9.00 | 288.86 | 297.86 | OK | |
r-release-macos-arm64 | 1.0.2 | 124.00 | NOTE | |||
r-release-macos-x86_64 | 1.0.2 | 193.00 | NOTE | |||
r-release-windows-x86_64 | 1.0.2 | 16.00 | 289.00 | 305.00 | NOTE | |
r-oldrel-macos-arm64 | 1.0.2 | 119.00 | NOTE | |||
r-oldrel-macos-x86_64 | 1.0.2 | 178.00 | NOTE | |||
r-oldrel-windows-x86_64 | 1.0.2 | 16.00 | 295.00 | 311.00 | NOTE |
Version: 1.0.2
Check: installed package size
Result: NOTE
installed size is 5.5Mb
sub-directories of 1Mb or more:
extdata 4.7Mb
Flavors: r-devel-linux-x86_64-fedora-clang, r-devel-windows-x86_64, r-release-macos-arm64, r-release-macos-x86_64, r-release-windows-x86_64, r-oldrel-macos-arm64, r-oldrel-macos-x86_64, r-oldrel-windows-x86_64
Version: 1.0.2
Check: package dependencies
Result: NOTE
Package suggested but not available for checking: ‘wallace’
Flavor: r-release-macos-x86_64