CRAN Package Check Results for Package chemmodlab

Last updated on 2020-10-25 11:50:28 CET.

Flavor Version Tinstall Tcheck Ttotal Status Flags
r-devel-linux-x86_64-debian-clang 1.1.0 12.86 89.48 102.34 OK
r-devel-linux-x86_64-debian-gcc 1.1.0 8.83 68.08 76.91 OK
r-devel-linux-x86_64-fedora-clang 1.1.0 130.11 OK
r-devel-linux-x86_64-fedora-gcc 1.1.0 121.78 OK
r-devel-windows-ix86+x86_64 1.1.0 22.00 108.00 130.00 OK
r-patched-linux-x86_64 1.1.0 11.92 83.36 95.28 OK
r-release-linux-x86_64 1.1.0 9.82 82.25 92.07 OK
r-release-macos-x86_64 1.1.0 OK
r-release-windows-ix86+x86_64 1.1.0 15.00 77.00 92.00 OK
r-oldrel-macos-x86_64 1.1.0 WARN
r-oldrel-windows-ix86+x86_64 1.1.0 12.00 6.00 18.00 ERROR

Check Details

Version: 1.1.0
Check: whether package can be installed
Result: WARN
    Found the following significant warnings:
     Warning: 'rgl.init' failed, running with 'rgl.useNULL = TRUE'.
Flavor: r-oldrel-macos-x86_64

Version: 1.1.0
Check: whether package can be installed
Result: ERROR
    Installation failed.
Flavor: r-oldrel-windows-ix86+x86_64