Last updated on 2023-03-24 23:52:02 CET.
Flavor | Version | Tinstall | Tcheck | Ttotal | Status | Flags |
---|---|---|---|---|---|---|
r-devel-linux-x86_64-debian-clang | 0.2.3 | 2.35 | 38.20 | 40.55 | OK | |
r-devel-linux-x86_64-debian-gcc | 0.2.3 | 2.12 | 30.20 | 32.32 | OK | |
r-devel-linux-x86_64-fedora-clang | 0.2.3 | 59.32 | NOTE | |||
r-devel-linux-x86_64-fedora-gcc | 0.2.3 | 62.96 | NOTE | |||
r-patched-linux-x86_64 | 0.2.3 | 2.96 | 38.31 | 41.27 | OK | |
r-release-linux-x86_64 | 0.2.3 | 2.42 | 38.51 | 40.93 | OK | |
r-release-macos-arm64 | 0.2.3 | 52.00 | NOTE | |||
r-release-macos-x86_64 | 0.2.3 | 64.00 | NOTE | |||
r-release-windows-x86_64 | 0.2.3 | 17.00 | 107.00 | 124.00 | OK | |
r-oldrel-macos-arm64 | 0.2.3 | 43.00 | NOTE | |||
r-oldrel-macos-x86_64 | 0.2.3 | 54.00 | NOTE | |||
r-oldrel-windows-ix86+x86_64 | 0.2.3 | 7.00 | 103.00 | 110.00 | OK |
Version: 0.2.3
Check: dependencies in R code
Result: NOTE
Namespace in Imports field not imported from: ‘dbplyr’
All declared Imports should be used.
Flavors: r-devel-linux-x86_64-fedora-clang, r-devel-linux-x86_64-fedora-gcc, r-release-macos-arm64, r-release-macos-x86_64, r-oldrel-macos-arm64, r-oldrel-macos-x86_64