CRAN Package Check Results for Package chinese.misc

Last updated on 2019-10-10 05:47:32 CEST.

Flavor Version Tinstall Tcheck Ttotal Status Flags
r-devel-linux-x86_64-debian-clang 0.2.1 9.54 70.27 79.81 OK
r-devel-linux-x86_64-debian-gcc 0.2.1 8.27 57.52 65.79 OK
r-devel-linux-x86_64-fedora-clang 0.2.1 98.09 OK
r-devel-linux-x86_64-fedora-gcc 0.2.1 102.66 OK
r-devel-windows-ix86+x86_64 0.2.1 27.00 146.00 173.00 OK
r-patched-linux-x86_64 0.2.1 7.95 71.23 79.18 OK
r-patched-solaris-x86 0.2.1 186.30 OK
r-release-linux-x86_64 0.2.1 8.39 71.46 79.85 OK
r-release-windows-ix86+x86_64 0.2.1 32.00 105.00 137.00 OK
r-release-osx-x86_64 0.2.1 OK
r-oldrel-windows-ix86+x86_64 0.2.0 21.00 135.00 156.00 OK
r-oldrel-osx-x86_64 0.2.1 ERROR

Check Details

Version: 0.2.1
Check: whether package can be installed
Result: ERROR
    Installation failed.
Flavor: r-oldrel-osx-x86_64