CRAN Package Check Results for Package chorrrds

Last updated on 2021-06-19 17:50:09 CEST.

Flavor Version Tinstall Tcheck Ttotal Status Flags
r-devel-linux-x86_64-debian-clang 0.1.9.5 7.79 46.57 54.36 OK
r-devel-linux-x86_64-debian-gcc 0.1.9.5 6.50 38.21 44.71 OK
r-devel-linux-x86_64-fedora-clang 0.1.9.5 75.68 NOTE
r-devel-linux-x86_64-fedora-gcc 0.1.9.5 65.29 NOTE
r-devel-windows-x86_64 0.1.9.5 13.00 71.00 84.00 OK
r-devel-windows-x86_64-gcc10-UCRT 0.1.9.5 NOTE
r-patched-linux-x86_64 0.1.9.5 8.42 44.70 53.12 OK
r-patched-solaris-x86 0.1.9.5 108.40 NOTE
r-release-linux-x86_64 0.1.9.5 7.87 45.64 53.51 OK
r-release-macos-arm64 0.1.9.5 NOTE
r-release-macos-x86_64 0.1.9.5 NOTE
r-release-windows-ix86+x86_64 0.1.9.5 15.00 62.00 77.00 OK
r-oldrel-macos-x86_64 0.1.9.5 NOTE
r-oldrel-windows-ix86+x86_64 0.1.9.5 11.00 51.00 62.00 OK

Check Details

Version: 0.1.9.5
Check: dependencies in R code
Result: NOTE
    Namespace in Imports field not imported from: ‘forcats’
     All declared Imports should be used.
Flavors: r-devel-linux-x86_64-fedora-clang, r-devel-linux-x86_64-fedora-gcc, r-devel-windows-x86_64-gcc10-UCRT, r-patched-solaris-x86, r-release-macos-arm64, r-release-macos-x86_64, r-oldrel-macos-x86_64

Version: 0.1.9.5
Check: data for non-ASCII characters
Result: NOTE
     Note: found 4004 marked UTF-8 strings
Flavors: r-devel-linux-x86_64-fedora-clang, r-devel-linux-x86_64-fedora-gcc, r-devel-windows-x86_64-gcc10-UCRT, r-patched-solaris-x86, r-release-macos-arm64, r-release-macos-x86_64, r-oldrel-macos-x86_64