Last updated on 2021-04-15 05:47:50 CEST.
Flavor | Version | Tinstall | Tcheck | Ttotal | Status | Flags |
---|---|---|---|---|---|---|
r-devel-linux-x86_64-debian-clang | 0.6.1 | 14.78 | 303.21 | 317.99 | NOTE | |
r-devel-linux-x86_64-debian-gcc | 0.6.1 | 11.02 | 221.36 | 232.38 | NOTE | |
r-devel-linux-x86_64-fedora-clang | 0.6.1 | 374.68 | NOTE | |||
r-devel-linux-x86_64-fedora-gcc | 0.6.1 | 367.49 | NOTE | |||
r-devel-windows-ix86+x86_64 | 0.6.1 | 33.00 | 346.00 | 379.00 | NOTE | |
r-devel-windows-x86_64-gcc10-UCRT | 0.6.1 | NOTE | ||||
r-patched-linux-x86_64 | 0.6.1 | 15.76 | 283.88 | 299.64 | OK | |
r-patched-solaris-x86 | 0.6.1 | 497.80 | OK | |||
r-release-linux-x86_64 | 0.6.1 | 14.59 | 281.76 | 296.35 | OK | |
r-release-macos-x86_64 | 0.6.1 | OK | ||||
r-release-windows-ix86+x86_64 | 0.6.1 | 35.00 | 311.00 | 346.00 | OK | |
r-oldrel-macos-x86_64 | 0.6.1 | OK | ||||
r-oldrel-windows-ix86+x86_64 | 0.6.1 | 22.00 | 249.00 | 271.00 | OK |
Version: 0.6.1
Check: LazyData
Result: NOTE
'LazyData' is specified without a 'data' directory
Flavors: r-devel-linux-x86_64-debian-clang, r-devel-linux-x86_64-debian-gcc, r-devel-linux-x86_64-fedora-clang, r-devel-linux-x86_64-fedora-gcc, r-devel-windows-ix86+x86_64, r-devel-windows-x86_64-gcc10-UCRT