Last updated on 2024-04-19 18:05:21 CEST.
Flavor | Version | Tinstall | Tcheck | Ttotal | Status | Flags |
---|---|---|---|---|---|---|
r-devel-linux-x86_64-debian-clang | 1.0.4 | 3.71 | 41.22 | 44.93 | NOTE | |
r-devel-linux-x86_64-debian-gcc | 1.0.4 | NOTE | ||||
r-devel-linux-x86_64-fedora-clang | 1.0.4 | 58.35 | NOTE | |||
r-devel-linux-x86_64-fedora-gcc | 1.0.4 | 59.75 | NOTE | |||
r-prerel-macos-arm64 | 1.0.4 | 22.00 | NOTE | |||
r-prerel-windows-x86_64 | 1.0.4 | 5.00 | 56.00 | 61.00 | NOTE | |
r-patched-linux-x86_64 | 1.0.4 | 4.98 | 38.95 | 43.93 | NOTE | |
r-release-linux-x86_64 | 1.0.4 | 3.72 | 38.42 | 42.14 | NOTE | |
r-release-macos-arm64 | 1.0.4 | 22.00 | NOTE | |||
r-release-macos-x86_64 | 1.0.4 | 29.00 | NOTE | |||
r-release-windows-x86_64 | 1.0.4 | 6.00 | 58.00 | 64.00 | NOTE | |
r-oldrel-macos-arm64 | 1.0.4 | 19.00 | NOTE | |||
r-oldrel-windows-x86_64 | 1.0.4 | 6.00 | 63.00 | 69.00 | NOTE |
Version: 1.0.4
Check: LazyData
Result: NOTE
'LazyData' is specified without a 'data' directory
Flavors: r-devel-linux-x86_64-debian-clang, r-devel-linux-x86_64-debian-gcc, r-devel-linux-x86_64-fedora-clang, r-devel-linux-x86_64-fedora-gcc, r-prerel-macos-arm64, r-prerel-windows-x86_64, r-patched-linux-x86_64, r-release-linux-x86_64, r-release-macos-arm64, r-release-macos-x86_64, r-release-windows-x86_64, r-oldrel-macos-arm64, r-oldrel-windows-x86_64
Version: 1.0.4
Check: dependencies in R code
Result: NOTE
Namespace in Imports field not imported from: ‘R6’
All declared Imports should be used.
Flavors: r-devel-linux-x86_64-fedora-clang, r-devel-linux-x86_64-fedora-gcc, r-oldrel-macos-arm64