CRAN Package Check Results for Package cicerone

Last updated on 2024-05-21 11:53:28 CEST.

Flavor Version Tinstall Tcheck Ttotal Status Flags
r-devel-linux-x86_64-debian-clang 1.0.4 4.74 40.22 44.96 NOTE
r-devel-linux-x86_64-debian-gcc 1.0.4 3.61 30.88 34.49 NOTE
r-devel-linux-x86_64-fedora-clang 1.0.4 58.22 NOTE
r-devel-linux-x86_64-fedora-gcc 1.0.4 53.17 NOTE
r-devel-windows-x86_64 1.0.4 5.00 56.00 61.00 NOTE
r-patched-linux-x86_64 1.0.4 4.01 38.24 42.25 NOTE
r-release-linux-x86_64 1.0.4 4.08 38.51 42.59 NOTE
r-release-macos-arm64 1.0.4 22.00 NOTE
r-release-windows-x86_64 1.0.4 5.00 57.00 62.00 NOTE
r-oldrel-macos-arm64 1.0.4 22.00 NOTE
r-oldrel-macos-x86_64 1.0.4 29.00 NOTE
r-oldrel-windows-x86_64 1.0.4 6.00 56.00 62.00 NOTE

Check Details

Version: 1.0.4
Check: LazyData
Result: NOTE 'LazyData' is specified without a 'data' directory Flavors: r-devel-linux-x86_64-debian-clang, r-devel-linux-x86_64-debian-gcc, r-devel-linux-x86_64-fedora-clang, r-devel-linux-x86_64-fedora-gcc, r-devel-windows-x86_64, r-patched-linux-x86_64, r-release-linux-x86_64, r-release-macos-arm64, r-release-windows-x86_64, r-oldrel-macos-arm64, r-oldrel-macos-x86_64, r-oldrel-windows-x86_64

Version: 1.0.4
Check: dependencies in R code
Result: NOTE Namespace in Imports field not imported from: ‘R6’ All declared Imports should be used. Flavors: r-devel-linux-x86_64-fedora-clang, r-devel-linux-x86_64-fedora-gcc