Last updated on 2024-04-19 11:56:41 CEST.
Flavor | Version | Tinstall | Tcheck | Ttotal | Status | Flags |
---|---|---|---|---|---|---|
r-devel-linux-x86_64-debian-clang | 0.0.4 | 11.29 | 99.09 | 110.38 | OK | |
r-devel-linux-x86_64-debian-gcc | 0.0.4 | OK | ||||
r-devel-linux-x86_64-fedora-clang | 0.0.4 | 150.83 | NOTE | |||
r-devel-linux-x86_64-fedora-gcc | 0.0.4 | 150.94 | NOTE | |||
r-prerel-macos-arm64 | 0.0.4 | 41.00 | OK | |||
r-prerel-windows-x86_64 | 0.0.4 | 11.00 | 86.00 | 97.00 | OK | |
r-patched-linux-x86_64 | 0.0.4 | 10.13 | 95.82 | 105.95 | OK | |
r-release-linux-x86_64 | 0.0.4 | 8.97 | 98.67 | 107.64 | OK | |
r-release-macos-arm64 | 0.0.4 | 44.00 | OK | |||
r-release-macos-x86_64 | 0.0.4 | 69.00 | OK | |||
r-release-windows-x86_64 | 0.0.4 | 15.00 | 104.00 | 119.00 | OK | |
r-oldrel-macos-arm64 | 0.0.4 | 44.00 | NOTE | |||
r-oldrel-windows-x86_64 | 0.0.4 | 15.00 | 104.00 | 119.00 | OK |
Version: 0.0.4
Check: dependencies in R code
Result: NOTE
Namespace in Imports field not imported from: ‘networkD3’
All declared Imports should be used.
Flavors: r-devel-linux-x86_64-fedora-clang, r-devel-linux-x86_64-fedora-gcc, r-oldrel-macos-arm64