Last updated on 2024-04-23 05:58:07 CEST.
Flavor | Version | Tinstall | Tcheck | Ttotal | Status | Flags |
---|---|---|---|---|---|---|
r-devel-linux-x86_64-debian-clang | 0.6.0 | 5.95 | 65.55 | 71.50 | NOTE | |
r-devel-linux-x86_64-debian-gcc | 0.6.0 | 5.37 | 48.02 | 53.39 | NOTE | |
r-devel-linux-x86_64-fedora-clang | 0.6.0 | 95.52 | NOTE | |||
r-devel-linux-x86_64-fedora-gcc | 0.6.0 | 97.34 | NOTE | |||
r-prerel-macos-arm64 | 0.6.0 | 27.00 | NOTE | |||
r-prerel-windows-x86_64 | 0.6.0 | 8.00 | 67.00 | 75.00 | NOTE | |
r-patched-linux-x86_64 | 0.6.0 | 5.94 | 62.49 | 68.43 | NOTE | |
r-release-linux-x86_64 | 0.6.0 | 5.33 | 63.72 | 69.05 | OK | |
r-release-macos-arm64 | 0.6.0 | 32.00 | OK | |||
r-release-macos-x86_64 | 0.6.0 | 45.00 | OK | |||
r-release-windows-x86_64 | 0.6.0 | 10.00 | 76.00 | 86.00 | OK | |
r-oldrel-macos-arm64 | 0.6.0 | 27.00 | OK | |||
r-oldrel-windows-x86_64 | 0.6.0 | 10.00 | 76.00 | 86.00 | OK |
Version: 0.6.0
Check: Rd files
Result: NOTE
checkRd: (-1) ciu.ggplot.col.Rd:41: Lost braces; missing escapes or markup?
41 | \item{ind.inputs}{Indices of input features to explain (the set {i} in CIU
| ^
checkRd: (-1) ciu.meta.explain.Rd:27: Lost braces; missing escapes or markup?
27 | \item{ind.inputs}{Indices of input features to explain (the set {i} in CIU
| ^
checkRd: (-1) ciu.meta.result.new.Rd:30: Lost braces; missing escapes or markup?
30 | \item{ind.inputs}{Indices of input features to explain (the set {i} in CIU
| ^
checkRd: (-1) ciu.textual.Rd:38: Lost braces; missing escapes or markup?
38 | \item{ind.inputs}{Indices of input features to explain (the set {i} in CIU
| ^
Flavors: r-devel-linux-x86_64-debian-clang, r-devel-linux-x86_64-debian-gcc, r-devel-linux-x86_64-fedora-clang, r-devel-linux-x86_64-fedora-gcc, r-prerel-macos-arm64, r-prerel-windows-x86_64, r-patched-linux-x86_64