CRAN Package Check Results for Package classmap

Last updated on 2022-01-18 05:50:08 CET.

Flavor Version Tinstall Tcheck Ttotal Status Flags
r-devel-linux-x86_64-debian-clang 1.2.0 12.41 590.60 603.01 OK
r-devel-linux-x86_64-debian-gcc 1.2.0 10.45 473.95 484.40 OK
r-devel-linux-x86_64-fedora-clang 1.2.0 720.32 NOTE
r-devel-linux-x86_64-fedora-gcc 1.2.0 755.70 NOTE
r-devel-windows-x86_64-new-UL 1.2.0 90.00 701.00 791.00 OK
r-devel-windows-x86_64-new-TK 1.2.0 WARN
r-patched-linux-x86_64 1.2.0 10.10 127.69 137.79 OK
r-release-linux-x86_64 1.2.0 OK
r-release-macos-arm64 1.2.0 NOTE
r-release-macos-x86_64 1.2.0 NOTE
r-release-windows-ix86+x86_64 1.2.0 30.00 159.00 189.00 OK
r-oldrel-macos-x86_64 1.1.1 NOTE
r-oldrel-windows-ix86+x86_64 1.2.0 29.00 158.00 187.00 OK

Check Details

Version: 1.2.0
Check: data for non-ASCII characters
Result: NOTE
     Note: found 9 marked UTF-8 strings
Flavors: r-devel-linux-x86_64-fedora-clang, r-devel-linux-x86_64-fedora-gcc, r-devel-windows-x86_64-new-TK, r-release-macos-arm64, r-release-macos-x86_64

Version: 1.2.0
Check: package dependencies
Result: NOTE
    Package suggested but not available for checking: 'robCompositions'
Flavor: r-devel-windows-x86_64-new-TK

Version: 1.2.0
Check: re-building of vignette outputs
Result: WARN
    Error(s) in re-building vignettes:
    --- re-building 'Discriminant_analysis_examples.Rmd' using knitr
    Warning in is.factor(x) :
     closing unused connection 4 (https://wis.kuleuven.be/statdatascience/robust/data/mnist-rdata)
    --- finished re-building 'Discriminant_analysis_examples.Rmd'
    
    --- re-building 'K_nearest_neighbors_examples.Rmd' using knitr
    --- finished re-building 'K_nearest_neighbors_examples.Rmd'
    
    --- re-building 'Neural_net_examples.Rmd' using knitr
    --- finished re-building 'Neural_net_examples.Rmd'
    
    --- re-building 'Random_forest_examples.Rmd' using knitr
    --- finished re-building 'Random_forest_examples.Rmd'
    
    --- re-building 'Rpart_examples.Rmd' using knitr
    --- finished re-building 'Rpart_examples.Rmd'
    
    --- re-building 'Support_vector_machine_examples.Rmd' using knitr
    Quitting from lines 590-596 (Support_vector_machine_examples.Rmd)
    Error: processing vignette 'Support_vector_machine_examples.Rmd' failed with diagnostics:
    there is no package called 'robCompositions'
    --- failed re-building 'Support_vector_machine_examples.Rmd'
    
    SUMMARY: processing the following file failed:
     'Support_vector_machine_examples.Rmd'
    
    Error: Vignette re-building failed.
    Execution halted
Flavor: r-devel-windows-x86_64-new-TK

Version: 1.1.1
Check: dependencies in R code
Result: NOTE
    Namespace in Imports field not imported from: ‘rpart’
     All declared Imports should be used.
Flavor: r-oldrel-macos-x86_64

Version: 1.1.1
Check: data for non-ASCII characters
Result: NOTE
     Note: found 9 marked UTF-8 strings
Flavor: r-oldrel-macos-x86_64