CRAN Package Check Results for Package cld2

Last updated on 2023-06-01 17:55:00 CEST.

Flavor Version Tinstall Tcheck Ttotal Status Flags
r-devel-linux-x86_64-debian-clang 1.2.4 40.49 28.47 68.96 NOTE
r-devel-linux-x86_64-debian-gcc 1.2.4 27.73 22.81 50.54 NOTE
r-devel-linux-x86_64-fedora-clang 1.2.4 106.37 NOTE
r-devel-linux-x86_64-fedora-gcc 1.2.4 89.76 NOTE
r-devel-windows-x86_64 1.2.4 28.00 68.00 96.00 NOTE
r-patched-linux-x86_64 1.2.4 NOTE
r-release-linux-x86_64 1.2.4 33.76 27.91 61.67 NOTE
r-release-macos-arm64 1.2.4 28.00 NOTE
r-release-macos-x86_64 1.2.4 45.00 NOTE
r-release-windows-x86_64 1.2.4 30.00 72.00 102.00 NOTE
r-oldrel-macos-arm64 1.2.4 29.00 OK
r-oldrel-macos-x86_64 1.2.4 40.00 OK
r-oldrel-windows-x86_64 1.2.4 41.00 73.00 114.00 OK

Check Details

Version: 1.2.4
Check: C++ specification
Result: NOTE
     Specified C++11: please drop specification unless essential
Flavors: r-devel-linux-x86_64-debian-clang, r-devel-linux-x86_64-debian-gcc, r-devel-linux-x86_64-fedora-clang, r-devel-linux-x86_64-fedora-gcc, r-devel-windows-x86_64, r-patched-linux-x86_64, r-release-linux-x86_64, r-release-macos-arm64, r-release-macos-x86_64, r-release-windows-x86_64