CRAN Package Check Results for Package cleanTS

Last updated on 2024-06-13 11:48:06 CEST.

Flavor Version Tinstall Tcheck Ttotal Status Flags
r-devel-linux-x86_64-debian-clang 0.1.2 15.39 107.60 122.99 OK
r-devel-linux-x86_64-debian-gcc 0.1.2 0.46 1.58 2.04 ERROR
r-devel-linux-x86_64-fedora-clang 0.1.2 149.16 OK
r-devel-linux-x86_64-fedora-gcc 0.1.2 141.23 OK
r-devel-windows-x86_64 0.1.2 13.00 90.00 103.00 OK
r-patched-linux-x86_64 0.1.2 8.16 102.92 111.08 OK
r-release-linux-x86_64 0.1.2 8.64 104.04 112.68 OK
r-release-macos-arm64 0.1.2 40.00 OK
r-release-macos-x86_64 0.1.2 65.00 OK
r-release-windows-x86_64 0.1.2 13.00 96.00 109.00 OK
r-oldrel-macos-arm64 0.1.2 40.00 OK
r-oldrel-macos-x86_64 0.1.2 99.00 OK
r-oldrel-windows-x86_64 0.1.2 16.00 112.00 128.00 OK

Check Details

Version: 0.1.2
Check: package dependencies
Result: ERROR Packages required but not available: 'gganimate', 'ggplot2', 'ggtext', 'transformr', 'imputeTestbench', 'imputeTS', 'lubridate', 'stringr', 'tibble' Package suggested but not available for checking: ‘timetk’ See section ‘The DESCRIPTION file’ in the ‘Writing R Extensions’ manual. Flavor: r-devel-linux-x86_64-debian-gcc