CRAN Package Check Results for Package cleaner

Last updated on 2022-10-07 05:51:51 CEST.

Flavor Version Tinstall Tcheck Ttotal Status Flags
r-devel-linux-x86_64-debian-clang 1.5.3 6.34 52.76 59.10 OK
r-devel-linux-x86_64-debian-gcc 1.5.3 5.07 39.05 44.12 OK
r-devel-linux-x86_64-fedora-clang 1.5.3 89.84 OK
r-devel-linux-x86_64-fedora-gcc 1.5.3 83.01 OK
r-devel-windows-x86_64 1.5.3 22.00 77.00 99.00 WARN
r-patched-linux-x86_64 1.5.3 5.50 49.49 54.99 OK
r-release-linux-x86_64 1.5.3 6.51 49.34 55.85 OK
r-release-macos-arm64 1.5.3 22.00 OK
r-release-macos-x86_64 1.5.3 35.00 OK
r-release-windows-x86_64 1.5.3 26.00 74.00 100.00 WARN
r-oldrel-macos-arm64 1.5.3 24.00 OK
r-oldrel-macos-x86_64 1.5.3 30.00 OK
r-oldrel-windows-ix86+x86_64 1.5.3 12.00 75.00 87.00 OK

Check Details

Version: 1.5.3
Check: R files for syntax errors
Result: WARN
    Warnings in file 'R/currency.R':
     unable to translate '<U+20AC>' to native encoding
     unable to translate '<U+00A5>' to native encoding
     unable to translate '<U+00A3>' to native encoding
Flavors: r-devel-windows-x86_64, r-release-windows-x86_64