CRAN Package Check Results for Package cli

Last updated on 2024-06-18 05:57:33 CEST.

Flavor Version Tinstall Tcheck Ttotal Status Flags
r-devel-linux-x86_64-debian-clang 3.6.2 21.97 182.29 204.26 NOTE
r-devel-linux-x86_64-debian-gcc 3.6.2 16.48 131.84 148.32 NOTE
r-devel-linux-x86_64-fedora-clang 3.6.2 263.77 NOTE
r-devel-linux-x86_64-fedora-gcc 3.6.2 245.47 NOTE
r-devel-windows-x86_64 3.6.2 51.00 166.00 217.00 NOTE
r-patched-linux-x86_64 3.6.2 27.49 178.18 205.67 OK
r-release-linux-x86_64 3.6.2 18.76 180.85 199.61 OK
r-release-macos-arm64 3.6.2 69.00 OK
r-release-macos-x86_64 3.6.2 118.00 OK
r-release-windows-x86_64 3.6.2 49.00 164.00 213.00 OK
r-oldrel-macos-arm64 3.6.2 86.00 OK
r-oldrel-macos-x86_64 3.6.2 218.00 OK
r-oldrel-windows-x86_64 3.6.2 50.00 205.00 255.00 OK

Check Details

Version: 3.6.2
Check: compiled code
Result: NOTE File ‘cli/libs/cli.so’: Found non-API calls to R: ‘SET_ENCLOS’, ‘SET_FRAME’, ‘SET_HASHTAB’ Compiled code should not call non-API entry points in R. See ‘Writing portable packages’ in the ‘Writing R Extensions’ manual. Flavors: r-devel-linux-x86_64-debian-clang, r-devel-linux-x86_64-debian-gcc, r-devel-linux-x86_64-fedora-clang, r-devel-linux-x86_64-fedora-gcc

Version: 3.6.2
Check: compiled code
Result: NOTE File 'cli/libs/x64/cli.dll': Found non-API calls to R: 'SET_ENCLOS', 'SET_FRAME', 'SET_HASHTAB' Compiled code should not call non-API entry points in R. See 'Writing portable packages' in the 'Writing R Extensions' manual. Flavor: r-devel-windows-x86_64