Last updated on 2024-04-26 11:52:34 CEST.
Flavor | Version | Tinstall | Tcheck | Ttotal | Status | Flags |
---|---|---|---|---|---|---|
r-devel-linux-x86_64-debian-clang | 3.6.2 | 24.31 | 188.89 | 213.20 | NOTE | |
r-devel-linux-x86_64-debian-gcc | 3.6.2 | 15.71 | 131.28 | 146.99 | NOTE | |
r-devel-linux-x86_64-fedora-clang | 3.6.2 | 257.49 | NOTE | |||
r-devel-linux-x86_64-fedora-gcc | 3.6.2 | 246.97 | NOTE | |||
r-devel-windows-x86_64 | 3.6.2 | 2.00 | 5.00 | 7.00 | ERROR | |
r-patched-linux-x86_64 | 3.6.2 | 23.64 | 177.78 | 201.42 | OK | |
r-release-linux-x86_64 | 3.6.2 | 20.76 | 177.88 | 198.64 | OK | |
r-release-macos-arm64 | 3.6.2 | 69.00 | OK | |||
r-release-macos-x86_64 | 3.6.2 | 53.00 | NOTE | |||
r-release-windows-x86_64 | 3.6.2 | 53.00 | 164.00 | 217.00 | OK | |
r-oldrel-macos-arm64 | 3.6.2 | 86.00 | OK | |||
r-oldrel-macos-x86_64 | 3.6.2 | 218.00 | OK | |||
r-oldrel-windows-x86_64 | 3.6.2 | 51.00 | 207.00 | 258.00 | OK |
Version: 3.6.2
Check: compiled code
Result: NOTE
File ‘cli/libs/cli.so’:
Found non-API calls to R: ‘SET_ENCLOS’, ‘SET_FRAME’, ‘SET_HASHTAB’
Compiled code should not call non-API entry points in R.
See ‘Writing portable packages’ in the ‘Writing R Extensions’ manual.
Flavors: r-devel-linux-x86_64-debian-clang, r-devel-linux-x86_64-debian-gcc, r-devel-linux-x86_64-fedora-clang, r-devel-linux-x86_64-fedora-gcc
Version: 3.6.2
Check: whether package can be installed
Result: ERROR
Installation failed.
Flavor: r-devel-windows-x86_64
Version: 3.6.2
Check: package dependencies
Result: NOTE
Packages suggested but not available for checking:
'callr', 'covr', 'crayon', 'digest', 'glue', 'htmltools',
'htmlwidgets', 'knitr', 'mockery', 'processx', 'ps', 'rlang',
'rmarkdown', 'rprojroot', 'rstudioapi', 'testthat', 'tibble',
'whoami', 'withr'
Flavor: r-release-macos-x86_64
Version: 3.6.2
Check: Rd cross-references
Result: NOTE
Packages unavailable to check Rd xrefs: ‘rlang’, ‘glue’, ‘testthat’
Flavor: r-release-macos-x86_64