CRAN Package Check Results for Package cli

Last updated on 2024-02-24 17:55:29 CET.

Flavor Version Tinstall Tcheck Ttotal Status Flags
r-devel-linux-x86_64-debian-clang 3.6.2 21.66 183.86 205.52 OK
r-devel-linux-x86_64-debian-gcc 3.6.2 16.20 134.30 150.50 OK
r-devel-linux-x86_64-fedora-clang 3.6.2 255.04 OK
r-devel-linux-x86_64-fedora-gcc 3.6.2 249.88 OK
r-devel-windows-x86_64 3.6.2 2.00 4.00 6.00 ERROR
r-patched-linux-x86_64 3.6.2 26.27 175.82 202.09 OK
r-release-linux-x86_64 3.6.2 19.87 175.46 195.33 OK
r-release-macos-arm64 3.6.2 86.00 OK
r-release-macos-x86_64 3.6.2 218.00 OK
r-release-windows-x86_64 3.6.2 51.00 210.00 261.00 OK
r-oldrel-macos-arm64 3.6.2 91.00 OK
r-oldrel-windows-x86_64 3.6.2 59.00 191.00 250.00 OK

Check Details

Version: 3.6.2
Check: whether package can be installed
Result: ERROR Installation failed. Flavor: r-devel-windows-x86_64