Last updated on 2023-10-03 18:04:57 CEST.
Flavor | Version | Tinstall | Tcheck | Ttotal | Status | Flags |
---|---|---|---|---|---|---|
r-devel-linux-x86_64-debian-clang | 0.9.39 | 4.10 | 39.92 | 44.02 | OK | |
r-devel-linux-x86_64-debian-gcc | 0.9.39 | 3.36 | 30.43 | 33.79 | OK | |
r-devel-linux-x86_64-fedora-clang | 0.9.39 | 55.34 | NOTE | |||
r-devel-linux-x86_64-fedora-gcc | 0.9.39 | 54.21 | NOTE | |||
r-devel-windows-x86_64 | 0.9.39 | 7.00 | 59.00 | 66.00 | OK | |
r-patched-linux-x86_64 | 0.9.39 | 5.50 | 38.10 | 43.60 | OK | |
r-release-linux-x86_64 | 0.9.39 | 4.86 | 38.71 | 43.57 | OK | |
r-release-macos-arm64 | 0.9.39 | 22.00 | OK | |||
r-release-macos-x86_64 | 0.9.39 | 36.00 | OK | |||
r-release-windows-x86_64 | 0.9.39 | 10.00 | 61.00 | 71.00 | OK | |
r-oldrel-macos-arm64 | 0.9.39 | 21.00 | OK | |||
r-oldrel-macos-x86_64 | 0.9.39 | 35.00 | OK | |||
r-oldrel-windows-x86_64 | 0.9.39 | 8.00 | 58.00 | 66.00 | OK |
Version: 0.9.39
Check: data for non-ASCII characters
Result: NOTE
Note: found 1 marked UTF-8 string
Flavors: r-devel-linux-x86_64-fedora-clang, r-devel-linux-x86_64-fedora-gcc