Last updated on 2024-08-31 23:49:00 CEST.
Flavor | Version | Tinstall | Tcheck | Ttotal | Status | Flags |
---|---|---|---|---|---|---|
r-devel-linux-x86_64-debian-clang | 1.2.0 | 31.20 | 17.51 | 48.71 | OK | |
r-devel-linux-x86_64-debian-gcc | 1.2.0 | 24.79 | 14.21 | 39.00 | OK | |
r-devel-linux-x86_64-fedora-clang | 1.2.0 | 76.86 | NOTE | |||
r-devel-linux-x86_64-fedora-gcc | 1.2.0 | 75.20 | NOTE | |||
r-devel-windows-x86_64 | 1.2.0 | 30.00 | 36.00 | 66.00 | OK | |
r-patched-linux-x86_64 | 1.2.0 | 31.11 | 17.16 | 48.27 | OK | |
r-release-linux-x86_64 | 1.2.0 | 29.69 | 16.83 | 46.52 | OK | |
r-release-macos-arm64 | 1.2.0 | 42.00 | OK | |||
r-release-macos-x86_64 | 1.2.0 | 86.00 | OK | |||
r-release-windows-x86_64 | 1.2.0 | 32.00 | 36.00 | 68.00 | OK | |
r-oldrel-macos-arm64 | 1.2.0 | 47.00 | OK | |||
r-oldrel-macos-x86_64 | 1.2.0 | 88.00 | OK | |||
r-oldrel-windows-x86_64 | 1.2.0 | 37.00 | 39.00 | 76.00 | OK |
Version: 1.2.0
Check: data for non-ASCII characters
Result: NOTE
Note: found 12395 marked UTF-8 strings
Flavors: r-devel-linux-x86_64-fedora-clang, r-devel-linux-x86_64-fedora-gcc